Last updated on 2023-12-06 04:56:01 CET.
Flavor | Version | Tinstall | Tcheck | Ttotal | Status | Flags |
---|---|---|---|---|---|---|
r-devel-linux-x86_64-debian-clang | 1.0.2 | 140.67 | 447.29 | 587.96 | NOTE | |
r-devel-linux-x86_64-debian-gcc | 1.0.2 | 110.84 | 336.93 | 447.77 | NOTE | |
r-devel-linux-x86_64-fedora-clang | 1.0.2 | 703.08 | NOTE | |||
r-devel-linux-x86_64-fedora-gcc | 1.0.2 | 790.69 | NOTE | |||
r-devel-windows-x86_64 | 1.0.2 | 98.00 | 357.00 | 455.00 | NOTE | |
r-patched-linux-x86_64 | 1.0.2 | 88.35 | 429.44 | 517.79 | NOTE | |
r-release-linux-x86_64 | 1.0.2 | 96.36 | 423.55 | 519.91 | NOTE | |
r-release-macos-arm64 | 1.0.2 | 217.00 | NOTE | |||
r-release-macos-x86_64 | 1.0.2 | 385.00 | NOTE | |||
r-release-windows-x86_64 | 1.0.2 | 127.00 | 441.00 | 568.00 | NOTE | |
r-oldrel-macos-arm64 | 1.0.2 | 154.00 | NOTE | |||
r-oldrel-macos-x86_64 | 1.0.2 | 247.00 | NOTE | |||
r-oldrel-windows-x86_64 | 1.0.2 | 122.00 | 447.00 | 569.00 | NOTE |
Version: 1.0.2
Check: C++ specification
Result: NOTE
Specified C++11: please drop specification unless essential
Flavors: r-devel-linux-x86_64-debian-clang, r-devel-linux-x86_64-debian-gcc, r-devel-linux-x86_64-fedora-clang, r-devel-linux-x86_64-fedora-gcc, r-devel-windows-x86_64, r-patched-linux-x86_64, r-release-linux-x86_64, r-release-macos-arm64, r-release-macos-x86_64, r-release-windows-x86_64
Version: 1.0.2
Check: installed package size
Result: NOTE
installed size is 5.3Mb
sub-directories of 1Mb or more:
libs 4.4Mb
Flavors: r-devel-linux-x86_64-fedora-clang, r-devel-windows-x86_64, r-release-macos-arm64, r-release-macos-x86_64, r-release-windows-x86_64, r-oldrel-macos-arm64, r-oldrel-macos-x86_64, r-oldrel-windows-x86_64