Last updated on 2023-12-02 04:52:24 CET.
Flavor | Version | Tinstall | Tcheck | Ttotal | Status | Flags |
---|---|---|---|---|---|---|
r-devel-linux-x86_64-debian-clang | 2.9.4 | 37.66 | 270.35 | 308.01 | NOTE | |
r-devel-linux-x86_64-debian-gcc | 2.9.4 | 32.19 | 199.10 | 231.29 | NOTE | |
r-devel-linux-x86_64-fedora-clang | 2.9.4 | 384.24 | NOTE | |||
r-devel-linux-x86_64-fedora-gcc | 2.9.4 | 383.39 | NOTE | |||
r-devel-windows-x86_64 | 2.9.4 | 35.00 | 254.00 | 289.00 | NOTE | |
r-patched-linux-x86_64 | 2.9.4 | 36.40 | 248.54 | 284.94 | OK | |
r-release-linux-x86_64 | 2.9.4 | 23.12 | 253.59 | 276.71 | OK | |
r-release-macos-arm64 | 2.9.4 | 111.00 | OK | |||
r-release-macos-x86_64 | 2.9.4 | 171.00 | OK | |||
r-release-windows-x86_64 | 2.9.4 | 49.00 | 305.00 | 354.00 | OK | |
r-oldrel-macos-arm64 | 2.9.4 | 76.00 | OK | |||
r-oldrel-macos-x86_64 | 2.9.4 | 136.00 | OK | |||
r-oldrel-windows-x86_64 | 2.9.4 | 47.00 | 286.00 | 333.00 | OK |
Version: 2.9.4
Check: Rd files
Result: NOTE
checkRd: (-1) cutoff_predictor.Rd:27: Lost braces
27 | \doi{10.5281/zenodo.17424}{DOI: 10.5281/zenodo.17424}.
| ^
checkRd: (-1) filter_stats.Rd:64: Lost braces
64 | \doi{10.5281/zenodo.17424}{DOI: 10.5281/zenodo.17424}
| ^
checkRd: (-1) ia.Rd:105: Lost braces in \itemize; \value handles \item{}{} directly
checkRd: (-1) ia.Rd:106-108: Lost braces in \itemize; \value handles \item{}{} directly
checkRd: (-1) ia.Rd:109: Lost braces in \itemize; \value handles \item{}{} directly
checkRd: (-1) ia.Rd:110-112: Lost braces in \itemize; \value handles \item{}{} directly
checkRd: (-1) ia.Rd:118: Lost braces in \itemize; \value handles \item{}{} directly
checkRd: (-1) ia.Rd:119-121: Lost braces in \itemize; \value handles \item{}{} directly
checkRd: (-1) mlg.Rd:125-126: Lost braces in \itemize; meant \describe ?
checkRd: (-1) mlg.Rd:126-128: Lost braces in \itemize; meant \describe ?
checkRd: (-1) mlg.Rd:128-130: Lost braces in \itemize; meant \describe ?
checkRd: (-1) mlg.Rd:102-104: Lost braces in \itemize; \value handles \item{}{} directly
checkRd: (-1) mlg.Rd:104-106: Lost braces in \itemize; \value handles \item{}{} directly
checkRd: (-1) mlg.Rd:106-107: Lost braces in \itemize; \value handles \item{}{} directly
checkRd: (-1) plot_filter_stats.Rd:37: Lost braces
37 | \doi{10.5281/zenodo.17424}{DOI: 10.5281/zenodo.17424}
| ^
Flavors: r-devel-linux-x86_64-debian-clang, r-devel-linux-x86_64-debian-gcc
Version: 2.9.4
Check: Rd \usage sections
Result: NOTE
Documented arguments not in \usage in Rd file 'genclone-method.Rd':
‘gen’ ‘loc’ ‘treatOther’ ‘quiet’
Functions with \usage entries need to have the appropriate \alias
entries, and all their arguments documented.
The \usage entries must correspond to syntactically valid R code.
See chapter ‘Writing R documentation files’ in the ‘Writing R
Extensions’ manual.
Flavors: r-devel-linux-x86_64-debian-clang, r-devel-linux-x86_64-debian-gcc, r-devel-linux-x86_64-fedora-clang, r-devel-linux-x86_64-fedora-gcc, r-devel-windows-x86_64