CRAN Package Check Results for Package poolABC

Last updated on 2024-02-23 05:07:28 CET.

Flavor Version Tinstall Tcheck Ttotal Status Flags
r-devel-linux-x86_64-debian-clang 1.0.0 OK
r-devel-linux-x86_64-debian-gcc 1.0.0 8.44 167.10 175.54 OK
r-devel-linux-x86_64-fedora-clang 1.0.0 300.10 NOTE
r-devel-linux-x86_64-fedora-gcc 1.0.0 302.66 OK
r-devel-windows-x86_64 1.0.0 12.00 192.00 204.00 NOTE
r-patched-linux-x86_64 1.0.0 20.06 236.44 256.50 OK
r-release-linux-x86_64 1.0.0 11.42 243.55 254.97 OK
r-release-macos-arm64 1.0.0 92.00 NOTE
r-release-macos-x86_64 1.0.0 233.00 NOTE
r-release-windows-x86_64 1.0.0 15.00 240.00 255.00 NOTE
r-oldrel-macos-arm64 1.0.0 81.00 NOTE
r-oldrel-windows-x86_64 1.0.0 18.00 229.00 247.00 NOTE

Check Details

Version: 1.0.0
Check: installed package size
Result: NOTE installed size is 7.0Mb sub-directories of 1Mb or more: data 2.7Mb extdata 3.6Mb Flavors: r-devel-linux-x86_64-fedora-clang, r-devel-windows-x86_64, r-release-macos-arm64, r-release-macos-x86_64, r-release-windows-x86_64, r-oldrel-macos-arm64, r-oldrel-windows-x86_64