Last updated on 2023-12-01 04:54:05 CET.
Flavor | Version | Tinstall | Tcheck | Ttotal | Status | Flags |
---|---|---|---|---|---|---|
r-devel-linux-x86_64-debian-clang | 1.0.0 | 4.40 | 53.59 | 57.99 | NOTE | |
r-devel-linux-x86_64-debian-gcc | 1.0.0 | 3.65 | 34.79 | 38.44 | NOTE | |
r-devel-linux-x86_64-fedora-clang | 1.0.0 | 67.92 | OK | |||
r-devel-linux-x86_64-fedora-gcc | 1.0.0 | 59.83 | OK | |||
r-devel-windows-x86_64 | 1.0.0 | 6.00 | 60.00 | 66.00 | OK | |
r-patched-linux-x86_64 | 1.0.0 | 4.82 | 44.77 | 49.59 | OK | |
r-release-linux-x86_64 | 1.0.0 | 3.41 | 44.86 | 48.27 | OK | |
r-release-macos-arm64 | 1.0.0 | 23.00 | OK | |||
r-release-macos-x86_64 | 1.0.0 | 33.00 | OK | |||
r-release-windows-x86_64 | 1.0.0 | 8.00 | 63.00 | 71.00 | OK | |
r-oldrel-macos-arm64 | 1.0.0 | 18.00 | OK | |||
r-oldrel-macos-x86_64 | 1.0.0 | 44.00 | OK | |||
r-oldrel-windows-x86_64 | 1.0.0 | 7.00 | 62.00 | 69.00 | OK |
Version: 1.0.0
Check: Rd files
Result: NOTE
checkRd: (-1) stat_quantile_prob.Rd:14: Lost braces; missing escapes or markup?
14 | Number {25, 50, 75}
| ^
Flavors: r-devel-linux-x86_64-debian-clang, r-devel-linux-x86_64-debian-gcc