Last updated on 2023-12-04 05:09:16 CET.
Flavor | Version | Tinstall | Tcheck | Ttotal | Status | Flags |
---|---|---|---|---|---|---|
r-devel-linux-x86_64-debian-clang | 2.0.0 | 101.44 | 158.25 | 259.69 | OK | |
r-devel-linux-x86_64-debian-gcc | 2.0.0 | 68.26 | 119.88 | 188.14 | OK | |
r-devel-linux-x86_64-fedora-clang | 2.0.0 | 360.96 | NOTE | |||
r-devel-linux-x86_64-fedora-gcc | 2.0.0 | 363.46 | OK | |||
r-devel-windows-x86_64 | 2.0.0 | 73.00 | 168.00 | 241.00 | NOTE | |
r-patched-linux-x86_64 | 2.0.0 | 86.63 | 155.55 | 242.18 | OK | |
r-release-linux-x86_64 | 2.0.0 | 85.01 | 156.86 | 241.87 | OK | |
r-release-macos-arm64 | 2.0.0 | 92.00 | NOTE | |||
r-release-macos-x86_64 | 2.0.0 | 162.00 | NOTE | |||
r-release-windows-x86_64 | 2.0.0 | 69.00 | 205.00 | 274.00 | NOTE | |
r-oldrel-macos-arm64 | 2.0.0 | 84.00 | NOTE | |||
r-oldrel-macos-x86_64 | 2.0.0 | 113.00 | NOTE | |||
r-oldrel-windows-x86_64 | 2.0.0 | 90.00 | 202.00 | 292.00 | NOTE |
Version: 2.0.0
Check: Rd cross-references
Result: NOTE
Undeclared packages ‘polymapR’, ‘BSgenome’ in Rd xrefs
Flavor: r-devel-linux-x86_64-fedora-clang
Version: 2.0.0
Check: installed package size
Result: NOTE
installed size is 5.5Mb
sub-directories of 1Mb or more:
extdata 2.8Mb
libs 1.3Mb
Flavors: r-devel-windows-x86_64, r-release-macos-arm64, r-release-macos-x86_64, r-release-windows-x86_64, r-oldrel-macos-arm64, r-oldrel-macos-x86_64, r-oldrel-windows-x86_64
Version: 2.0.0
Check: package dependencies
Result: NOTE
Package suggested but not available for checking: ‘VariantAnnotation’
Flavors: r-release-macos-arm64, r-release-macos-x86_64
Version: 2.0.0
Check: Rd cross-references
Result: NOTE
Package unavailable to check Rd xrefs: ‘VariantAnnotation’
Flavors: r-release-macos-arm64, r-release-macos-x86_64