CRAN Package Check Results for Package pollimetry

Last updated on 2024-02-26 04:49:35 CET.

Flavor Version Tinstall Tcheck Ttotal Status Flags
r-devel-linux-x86_64-debian-clang 1.0.1 39.74 216.99 256.73 NOTE
r-devel-linux-x86_64-debian-gcc 1.0.1 30.02 160.21 190.23 NOTE
r-devel-linux-x86_64-fedora-clang 1.0.1 327.97 NOTE
r-devel-linux-x86_64-fedora-gcc 1.0.1 318.80 NOTE
r-devel-windows-x86_64 1.0.1 23.00 148.00 171.00 NOTE
r-patched-linux-x86_64 1.0.1 29.74 209.93 239.67 NOTE
r-release-linux-x86_64 1.0.1 25.54 208.55 234.09 NOTE
r-release-macos-arm64 1.0.1 73.00 NOTE
r-release-macos-x86_64 1.0.1 124.00 NOTE
r-release-windows-x86_64 1.0.1 31.00 184.00 215.00 NOTE
r-oldrel-macos-arm64 1.0.1 67.00 NOTE
r-oldrel-windows-x86_64 1.0.1 31.00 192.00 223.00 NOTE

Check Details

Version: 1.0.1
Check: package dependencies
Result: NOTE Package suggested but not available for checking: ‘pollimetrydata’ Flavors: r-devel-linux-x86_64-debian-clang, r-devel-linux-x86_64-debian-gcc, r-devel-linux-x86_64-fedora-clang, r-devel-linux-x86_64-fedora-gcc, r-devel-windows-x86_64, r-patched-linux-x86_64, r-release-linux-x86_64, r-release-macos-arm64, r-release-macos-x86_64, r-release-windows-x86_64, r-oldrel-macos-arm64, r-oldrel-windows-x86_64