CRAN Package Check Results for Package pmxTools

Last updated on 2024-07-19 05:57:41 CEST.

Flavor Version Tinstall Tcheck Ttotal Status Flags
r-devel-linux-x86_64-debian-clang 1.3 15.91 129.79 145.70 NOTE
r-devel-linux-x86_64-debian-gcc 1.3 10.53 99.49 110.02 NOTE
r-devel-linux-x86_64-fedora-clang 1.3 185.49 NOTE
r-devel-linux-x86_64-fedora-gcc 1.3 197.52 NOTE
r-devel-windows-x86_64 1.3 16.00 110.00 126.00 NOTE
r-patched-linux-x86_64 1.3 11.92 127.28 139.20 NOTE
r-release-linux-x86_64 1.3 10.63 127.70 138.33 NOTE
r-release-macos-arm64 1.3 55.00 NOTE
r-release-macos-x86_64 1.3 86.00 NOTE
r-release-windows-x86_64 1.3 15.00 108.00 123.00 NOTE
r-oldrel-macos-arm64 1.3 53.00 OK
r-oldrel-macos-x86_64 1.3 82.00 OK
r-oldrel-windows-x86_64 1.3 20.00 135.00 155.00 OK

Check Details

Version: 1.3
Check: Rd files
Result: NOTE checkRd: (-1) plot_scm.Rd:106: Lost braces; missing escapes or markup? 106 | \item{lookupDF}{A data frame containing a lookup table for node labels. By default, {plot_scm} will use the PSN model names. If a lookup table containing the fields `Model` and `Alias` is provided, model names in `Model` will be replaced in the output plots by mtaching labels in `Alias`.} | ^ checkRd: (-1) rnm.Rd:56: Lost braces in \itemize; meant \describe ? checkRd: (-1) rnm.Rd:57: Lost braces in \itemize; meant \describe ? checkRd: (-1) rnm.Rd:58: Lost braces in \itemize; meant \describe ? checkRd: (-1) rnm.Rd:59: Lost braces in \itemize; meant \describe ? checkRd: (-1) rnm.Rd:60: Lost braces in \itemize; meant \describe ? checkRd: (-1) rnm.Rd:61: Lost braces in \itemize; meant \describe ? checkRd: (-1) rnm.Rd:62: Lost braces in \itemize; meant \describe ? checkRd: (-1) rnm.Rd:63: Lost braces in \itemize; meant \describe ? checkRd: (-1) rnm.Rd:64: Lost braces in \itemize; meant \describe ? checkRd: (-1) rnm.Rd:65: Lost braces in \itemize; meant \describe ? checkRd: (-1) rnm.Rd:66: Lost braces in \itemize; meant \describe ? checkRd: (-1) rnm.Rd:67: Lost braces in \itemize; meant \describe ? checkRd: (-1) rnm.Rd:68: Lost braces in \itemize; meant \describe ? checkRd: (-1) rnm.Rd:69: Lost braces in \itemize; meant \describe ? checkRd: (-1) rnm.Rd:70: Lost braces in \itemize; meant \describe ? checkRd: (-1) rnm.Rd:71: Lost braces in \itemize; meant \describe ? Flavors: r-devel-linux-x86_64-debian-clang, r-devel-linux-x86_64-debian-gcc, r-devel-linux-x86_64-fedora-clang, r-devel-linux-x86_64-fedora-gcc, r-devel-windows-x86_64, r-patched-linux-x86_64, r-release-linux-x86_64, r-release-macos-arm64, r-release-macos-x86_64, r-release-windows-x86_64

Version: 1.3
Check: Rd cross-references
Result: NOTE Undeclared package ‘DiagrammeR’ in Rd xrefs Flavor: r-devel-linux-x86_64-fedora-clang