Last updated on 2023-12-09 04:51:02 CET.
Flavor | Version | Tinstall | Tcheck | Ttotal | Status | Flags |
---|---|---|---|---|---|---|
r-devel-linux-x86_64-debian-clang | 0.2.0 | 3.71 | 40.96 | 44.67 | NOTE | |
r-devel-linux-x86_64-debian-gcc | 0.2.0 | 2.49 | 31.45 | 33.94 | NOTE | |
r-devel-linux-x86_64-fedora-clang | 0.2.0 | 55.65 | NOTE | |||
r-devel-linux-x86_64-fedora-gcc | 0.2.0 | 52.82 | NOTE | |||
r-devel-windows-x86_64 | 0.2.0 | 5.00 | 64.00 | 69.00 | NOTE | |
r-patched-linux-x86_64 | 0.2.0 | 3.88 | 40.05 | 43.93 | OK | |
r-release-linux-x86_64 | 0.2.0 | 3.52 | 40.01 | 43.53 | OK | |
r-release-macos-arm64 | 0.2.0 | 23.00 | OK | |||
r-release-macos-x86_64 | 0.2.0 | 34.00 | OK | |||
r-release-windows-x86_64 | 0.2.0 | 5.00 | 63.00 | 68.00 | OK | |
r-oldrel-macos-arm64 | 0.2.0 | 21.00 | OK | |||
r-oldrel-macos-x86_64 | 0.2.0 | 31.00 | OK | |||
r-oldrel-windows-x86_64 | 0.2.0 | 5.00 | 57.00 | 62.00 | OK |
Version: 0.2.0
Check: Rd \usage sections
Result: NOTE
Documented arguments not in \usage in Rd file 'sample_store.Rd':
‘subjects_ids’
Functions with \usage entries need to have the appropriate \alias
entries, and all their arguments documented.
The \usage entries must correspond to syntactically valid R code.
See chapter ‘Writing R documentation files’ in the ‘Writing R
Extensions’ manual.
Flavors: r-devel-linux-x86_64-debian-clang, r-devel-linux-x86_64-debian-gcc, r-devel-linux-x86_64-fedora-clang, r-devel-linux-x86_64-fedora-gcc, r-devel-windows-x86_64