CRAN Package Check Results for Package pmwg

Last updated on 2024-06-14 05:58:34 CEST.

Flavor Version Tinstall Tcheck Ttotal Status Flags
r-devel-linux-x86_64-debian-clang 0.2.7 4.18 45.63 49.81 OK
r-devel-linux-x86_64-debian-gcc 0.2.7 2.95 34.37 37.32 ERROR
r-devel-linux-x86_64-fedora-clang 0.2.7 64.31 OK
r-devel-linux-x86_64-fedora-gcc 0.2.7 72.70 OK
r-devel-windows-x86_64 0.2.7 4.00 68.00 72.00 OK
r-patched-linux-x86_64 0.2.7 4.13 45.28 49.41 OK
r-release-linux-x86_64 0.2.7 4.22 44.47 48.69 OK
r-release-macos-arm64 0.2.7 30.00 OK
r-release-macos-x86_64 0.2.7 45.00 OK
r-release-windows-x86_64 0.2.7 4.00 70.00 74.00 OK
r-oldrel-macos-arm64 0.2.7 34.00 OK
r-oldrel-macos-x86_64 0.2.7 72.00 OK
r-oldrel-windows-x86_64 0.2.7 5.00 70.00 75.00 OK

Check Details

Version: 0.2.7
Check: package dependencies
Result: NOTE Package suggested but not available for checking: ‘testthat’ Flavor: r-devel-linux-x86_64-debian-gcc

Version: 0.2.7
Check: tests
Result: ERROR Running ‘testthat.R’ [0s/1s] Running the tests in ‘tests/testthat.R’ failed. Complete output: > library(testthat) Error in library(testthat) : there is no package called 'testthat' Execution halted Flavor: r-devel-linux-x86_64-debian-gcc