CRAN Package Check Results for Package pmultinom

Last updated on 2024-06-20 05:53:54 CEST.

Flavor Version Tinstall Tcheck Ttotal Status Flags
r-devel-linux-x86_64-debian-clang 1.0.0 2.15 74.87 77.02 NOTE
r-devel-linux-x86_64-debian-gcc 1.0.0 1.76 55.12 56.88 NOTE
r-devel-linux-x86_64-fedora-clang 1.0.0 95.10 NOTE
r-devel-linux-x86_64-fedora-gcc 1.0.0 102.34 NOTE
r-devel-windows-x86_64 1.0.0 3.00 82.00 85.00 NOTE
r-patched-linux-x86_64 1.0.0 2.39 74.19 76.58 NOTE
r-release-linux-x86_64 1.0.0 1.92 73.51 75.43 NOTE
r-release-macos-arm64 1.0.0 45.00 NOTE
r-release-macos-x86_64 1.0.0 52.00 NOTE
r-release-windows-x86_64 1.0.0 3.00 86.00 89.00 NOTE
r-oldrel-macos-arm64 1.0.0 33.00 NOTE
r-oldrel-macos-x86_64 1.0.0 60.00 NOTE
r-oldrel-windows-x86_64 1.0.0 2.00 91.00 93.00 NOTE

Check Details

Version: 1.0.0
Check: LazyData
Result: NOTE 'LazyData' is specified without a 'data' directory Flavors: r-devel-linux-x86_64-debian-clang, r-devel-linux-x86_64-debian-gcc, r-devel-linux-x86_64-fedora-clang, r-devel-linux-x86_64-fedora-gcc, r-devel-windows-x86_64, r-patched-linux-x86_64, r-release-linux-x86_64, r-release-macos-arm64, r-release-macos-x86_64, r-release-windows-x86_64, r-oldrel-macos-arm64, r-oldrel-macos-x86_64, r-oldrel-windows-x86_64