Last updated on 2023-12-10 04:56:07 CET.
Flavor | Version | Tinstall | Tcheck | Ttotal | Status | Flags |
---|---|---|---|---|---|---|
r-devel-linux-x86_64-debian-clang | 0.2.1 | 2.12 | 22.15 | 24.27 | NOTE | |
r-devel-linux-x86_64-debian-gcc | 0.2.1 | 1.69 | 17.53 | 19.22 | NOTE | |
r-devel-linux-x86_64-fedora-clang | 0.2.1 | 31.52 | NOTE | |||
r-devel-linux-x86_64-fedora-gcc | 0.2.1 | 28.77 | NOTE | |||
r-devel-windows-x86_64 | 0.2.1 | 3.00 | 39.00 | 42.00 | NOTE | |
r-patched-linux-x86_64 | 0.2.1 | 2.53 | 22.12 | 24.65 | NOTE | |
r-release-linux-x86_64 | 0.2.1 | 2.51 | 21.44 | 23.95 | NOTE | |
r-release-macos-arm64 | 0.2.1 | 16.00 | NOTE | |||
r-release-macos-x86_64 | 0.2.1 | 19.00 | NOTE | |||
r-release-windows-x86_64 | 0.2.1 | 4.00 | 38.00 | 42.00 | NOTE | |
r-oldrel-macos-arm64 | 0.2.1 | 16.00 | NOTE | |||
r-oldrel-macos-x86_64 | 0.2.1 | 19.00 | NOTE | |||
r-oldrel-windows-x86_64 | 0.2.1 | 4.00 | 41.00 | 45.00 | NOTE |
Version: 0.2.1
Check: LazyData
Result: NOTE
'LazyData' is specified without a 'data' directory
Flavors: r-devel-linux-x86_64-debian-clang, r-devel-linux-x86_64-debian-gcc, r-devel-linux-x86_64-fedora-clang, r-devel-linux-x86_64-fedora-gcc, r-devel-windows-x86_64, r-patched-linux-x86_64, r-release-linux-x86_64, r-release-macos-arm64, r-release-macos-x86_64, r-release-windows-x86_64, r-oldrel-macos-arm64, r-oldrel-macos-x86_64, r-oldrel-windows-x86_64
Version: 0.2.1
Check: dependencies in R code
Result: NOTE
Namespace in Imports field not imported from: ‘ssh’
All declared Imports should be used.
Flavors: r-devel-linux-x86_64-fedora-clang, r-devel-linux-x86_64-fedora-gcc, r-oldrel-macos-arm64, r-oldrel-macos-x86_64