CRAN Package Check Results for Package plothelper

Last updated on 2023-11-30 04:53:01 CET.

Flavor Version Tinstall Tcheck Ttotal Status Flags
r-devel-linux-x86_64-debian-clang 0.1.9 9.36 75.15 84.51 NOTE
r-devel-linux-x86_64-debian-gcc 0.1.9 7.08 56.32 63.40 NOTE
r-devel-linux-x86_64-fedora-clang 0.1.9 106.57 NOTE
r-devel-linux-x86_64-fedora-gcc 0.1.9 97.53 NOTE
r-devel-windows-x86_64 0.1.9 9.00 81.00 90.00 NOTE
r-patched-linux-x86_64 0.1.9 8.83 67.71 76.54 NOTE
r-release-linux-x86_64 0.1.9 7.83 70.94 78.77 NOTE
r-release-macos-arm64 0.1.9 34.00 NOTE
r-release-macos-x86_64 0.1.9 52.00 NOTE
r-release-windows-x86_64 0.1.9 12.00 92.00 104.00 NOTE
r-oldrel-macos-arm64 0.1.9 29.00 NOTE
r-oldrel-macos-x86_64 0.1.9 58.00 NOTE
r-oldrel-windows-x86_64 0.1.9 14.00 87.00 101.00 NOTE

Check Details

Version: 0.1.9
Check: LazyData
Result: NOTE 'LazyData' is specified without a 'data' directory Flavors: r-devel-linux-x86_64-debian-clang, r-devel-linux-x86_64-debian-gcc, r-devel-linux-x86_64-fedora-clang, r-devel-linux-x86_64-fedora-gcc, r-devel-windows-x86_64, r-patched-linux-x86_64, r-release-linux-x86_64, r-release-macos-arm64, r-release-macos-x86_64, r-release-windows-x86_64, r-oldrel-macos-arm64, r-oldrel-macos-x86_64, r-oldrel-windows-x86_64