Last updated on 2023-12-02 04:52:24 CET.
Flavor | Version | Tinstall | Tcheck | Ttotal | Status | Flags |
---|---|---|---|---|---|---|
r-devel-linux-x86_64-debian-clang | 2.0.1 | 3.46 | 46.00 | 49.46 | OK | |
r-devel-linux-x86_64-debian-gcc | 2.0.1 | 2.75 | 35.54 | 38.29 | OK | |
r-devel-linux-x86_64-fedora-clang | 2.0.1 | 64.40 | NOTE | |||
r-devel-linux-x86_64-fedora-gcc | 2.0.1 | 71.84 | OK | |||
r-devel-windows-x86_64 | 2.0.1 | 4.00 | 68.00 | 72.00 | OK | |
r-patched-linux-x86_64 | 2.0.1 | 3.76 | 45.57 | 49.33 | OK | |
r-release-linux-x86_64 | 2.0.1 | 3.69 | 45.49 | 49.18 | OK | |
r-release-macos-arm64 | 2.0.1 | 32.00 | OK | |||
r-release-macos-x86_64 | 2.0.1 | 47.00 | OK | |||
r-release-windows-x86_64 | 2.0.1 | 4.00 | 70.00 | 74.00 | OK | |
r-oldrel-macos-arm64 | 2.0.1 | 28.00 | OK | |||
r-oldrel-macos-x86_64 | 2.0.1 | 35.00 | OK | |||
r-oldrel-windows-x86_64 | 2.0.1 | 5.00 | 72.00 | 77.00 | OK |
Version: 2.0.1
Check: Rd cross-references
Result: NOTE
Undeclared package ‘scape’ in Rd xrefs
Flavor: r-devel-linux-x86_64-fedora-clang