Last updated on 2023-12-01 04:54:05 CET.
Flavor | Version | Tinstall | Tcheck | Ttotal | Status | Flags |
---|---|---|---|---|---|---|
r-devel-linux-x86_64-debian-clang | 0.3.4 | 9.99 | 124.76 | 134.75 | NOTE | |
r-devel-linux-x86_64-debian-gcc | 0.3.4 | 6.99 | 94.13 | 101.12 | NOTE | |
r-devel-linux-x86_64-fedora-clang | 0.3.4 | 165.02 | OK | |||
r-devel-linux-x86_64-fedora-gcc | 0.3.4 | 168.90 | OK | |||
r-devel-windows-x86_64 | 0.3.4 | 10.00 | 157.00 | 167.00 | OK | |
r-patched-linux-x86_64 | 0.3.4 | 9.84 | 117.71 | 127.55 | OK | |
r-release-linux-x86_64 | 0.3.4 | 5.93 | 116.89 | 122.82 | OK | |
r-release-macos-arm64 | 0.3.4 | 77.00 | OK | |||
r-release-macos-x86_64 | 0.3.4 | 74.00 | OK | |||
r-release-windows-x86_64 | 0.3.4 | 14.00 | 153.00 | 167.00 | OK | |
r-oldrel-macos-arm64 | 0.3.4 | 58.00 | OK | |||
r-oldrel-macos-x86_64 | 0.3.4 | 92.00 | OK | |||
r-oldrel-windows-x86_64 | 0.3.4 | 12.00 | 147.00 | 159.00 | OK |
Version: 0.3.4
Check: Rd files
Result: NOTE
checkRd: (-1) check_hwe.Rd:103: Lost braces; missing escapes or markup?
103 | {'ALL', 'AFF', 'UNAFF', 'ALL(QT)', 'ALL(NP)'}), A1 (Allele 1; usually minor),
| ^
Flavors: r-devel-linux-x86_64-debian-clang, r-devel-linux-x86_64-debian-gcc