CRAN Package Check Results for Package plgp

Last updated on 2024-02-23 05:07:27 CET.

Flavor Version Tinstall Tcheck Ttotal Status Flags
r-devel-linux-x86_64-debian-clang 1.1-12 OK
r-devel-linux-x86_64-debian-gcc 1.1-12 7.21 27.97 35.18 OK
r-devel-linux-x86_64-fedora-clang 1.1-12 56.33 OK
r-devel-linux-x86_64-fedora-gcc 1.1-12 54.74 OK
r-devel-windows-x86_64 1.1-12 11.00 52.00 63.00 OK
r-patched-linux-x86_64 1.1-12 9.99 36.32 46.31 OK
r-release-linux-x86_64 1.1-12 7.23 35.86 43.09 OK
r-release-macos-arm64 1.1-12 23.00 OK
r-release-macos-x86_64 1.1-12 31.00 NOTE
r-release-windows-x86_64 1.1-12 14.00 55.00 69.00 OK
r-oldrel-macos-arm64 1.1-12 22.00 OK
r-oldrel-windows-x86_64 1.1-12 14.00 57.00 71.00 OK

Check Details

Version: 1.1-12
Check: package dependencies
Result: NOTE Package suggested but not available for checking: ‘ellipse’ Flavor: r-release-macos-x86_64