Last updated on 2023-12-04 05:09:16 CET.
Flavor | Version | Tinstall | Tcheck | Ttotal | Status | Flags |
---|---|---|---|---|---|---|
r-devel-linux-x86_64-debian-clang | 0.32.10 | 11.92 | 75.14 | 87.06 | NOTE | |
r-devel-linux-x86_64-debian-gcc | 0.32.10 | 9.41 | 57.47 | 66.88 | NOTE | |
r-devel-linux-x86_64-fedora-clang | 0.32.10 | 107.49 | OK | |||
r-devel-linux-x86_64-fedora-gcc | 0.32.10 | 102.67 | OK | |||
r-devel-windows-x86_64 | 0.32.10 | 12.00 | 90.00 | 102.00 | OK | |
r-patched-linux-x86_64 | 0.32.10 | 13.62 | 71.41 | 85.03 | OK | |
r-release-linux-x86_64 | 0.32.10 | 10.94 | 71.86 | 82.80 | OK | |
r-release-macos-arm64 | 0.32.10 | 34.00 | OK | |||
r-release-macos-x86_64 | 0.32.10 | 99.00 | OK | |||
r-release-windows-x86_64 | 0.32.10 | 13.00 | 99.00 | 112.00 | OK | |
r-oldrel-macos-arm64 | 0.32.10 | 49.00 | OK | |||
r-oldrel-macos-x86_64 | 0.32.10 | 48.00 | OK | |||
r-oldrel-windows-x86_64 | 0.32.10 | 14.00 | 89.00 | 103.00 | OK |
Version: 0.32.10
Check: Rd files
Result: NOTE
checkRd: (-1) write.pkgbib.Rd:44: Lost braces; missing escapes or markup?
44 | The Old version of this function {write.bib} has now been integrated
| ^
Flavors: r-devel-linux-x86_64-debian-clang, r-devel-linux-x86_64-debian-gcc