CRAN Package Check Results for Package pkgcache

Last updated on 2023-12-01 04:54:05 CET.

Flavor Version Tinstall Tcheck Ttotal Status Flags
r-devel-linux-x86_64-debian-clang 2.2.0.1 16.83 76.62 93.45 OK
r-devel-linux-x86_64-debian-gcc 2.2.0.1 14.59 56.45 71.04 OK
r-devel-linux-x86_64-fedora-clang 2.2.0.1 118.31 OK
r-devel-linux-x86_64-fedora-gcc 2.2.0.1 112.32 OK
r-devel-windows-x86_64 2.2.0.1 22.00 75.00 97.00 WARN
r-patched-linux-x86_64 2.2.0.1 16.12 71.68 87.80 OK
r-release-linux-x86_64 2.2.0.1 20.93 71.33 92.26 OK
r-release-macos-arm64 2.2.0.1 34.00 OK
r-release-macos-x86_64 2.2.0.1 64.00 OK
r-release-windows-x86_64 2.2.0.1 32.00 88.00 120.00 OK
r-oldrel-macos-arm64 2.2.0.1 35.00 OK
r-oldrel-macos-x86_64 2.2.0.1 51.00 OK
r-oldrel-windows-x86_64 2.2.0.1 28.00 83.00 111.00 OK

Check Details

Version: 2.2.0.1
Check: whether package can be installed
Result: WARN Found the following significant warnings: errors.c:89:28: warning: format '%d' expects argument of type 'int', but argument 3 has type 'DWORD' {aka 'long unsigned int'} [-Wformat=] See 'd:/Rcompile/CRANpkg/local/4.4/pkgcache.Rcheck/00install.out' for details. * used C compiler: 'gcc.exe (GCC) 12.3.0' Flavor: r-devel-windows-x86_64