CRAN Package Check Results for Package piqp

Last updated on 2024-02-27 04:50:45 CET.

Flavor Version Tinstall Tcheck Ttotal Status Flags
r-devel-linux-x86_64-debian-clang 0.2.2 91.70 77.56 169.26 OK
r-devel-linux-x86_64-debian-gcc 0.2.2 76.12 62.41 138.53 OK
r-devel-linux-x86_64-fedora-clang 0.2.2 209.91 OK
r-devel-linux-x86_64-fedora-gcc 0.2.2 244.05 OK
r-devel-windows-x86_64 0.2.2 56.00 98.00 154.00 OK
r-patched-linux-x86_64 0.2.2 83.79 78.92 162.71 OK
r-release-linux-x86_64 0.2.2 79.13 79.21 158.34 OK
r-release-macos-arm64 0.2.2 80.00 NOTE
r-release-macos-x86_64 0.2.2 114.00 NOTE
r-release-windows-x86_64 0.2.2 73.00 115.00 188.00 OK
r-oldrel-macos-arm64 0.2.2 63.00 NOTE
r-oldrel-windows-x86_64 0.2.2 67.00 112.00 179.00 OK

Check Details

Version: 0.2.2
Check: installed package size
Result: NOTE installed size is 23.4Mb sub-directories of 1Mb or more: libs 23.2Mb Flavors: r-release-macos-arm64, r-release-macos-x86_64, r-oldrel-macos-arm64