Last updated on 2023-12-09 04:51:02 CET.
Flavor | Version | Tinstall | Tcheck | Ttotal | Status | Flags |
---|---|---|---|---|---|---|
r-devel-linux-x86_64-debian-clang | 2.1.4 | 10.37 | 283.34 | 293.71 | OK | |
r-devel-linux-x86_64-debian-gcc | 2.1.4 | 10.01 | 204.66 | 214.67 | OK | |
r-devel-linux-x86_64-fedora-clang | 2.1.4 | 365.65 | NOTE | |||
r-devel-linux-x86_64-fedora-gcc | 2.1.4 | 356.58 | NOTE | |||
r-devel-windows-x86_64 | 2.1.4 | 14.00 | 216.00 | 230.00 | NOTE | |
r-patched-linux-x86_64 | 2.1.4 | 9.17 | 270.94 | 280.11 | OK | |
r-release-linux-x86_64 | 2.1.4 | 7.96 | 268.05 | 276.01 | OK | |
r-release-macos-arm64 | 2.1.4 | 114.00 | NOTE | |||
r-release-macos-x86_64 | 2.1.4 | 226.00 | NOTE | |||
r-release-windows-x86_64 | 2.1.4 | 15.00 | 285.00 | 300.00 | NOTE | |
r-oldrel-macos-arm64 | 2.1.4 | 90.00 | NOTE | |||
r-oldrel-macos-x86_64 | 2.1.4 | 135.00 | NOTE | |||
r-oldrel-windows-x86_64 | 2.1.4 | 16.00 | 270.00 | 286.00 | NOTE |
Version: 2.1.4
Check: installed package size
Result: NOTE
installed size is 7.3Mb
sub-directories of 1Mb or more:
doc 6.1Mb
Flavors: r-devel-linux-x86_64-fedora-clang, r-devel-windows-x86_64, r-release-macos-arm64, r-release-macos-x86_64, r-release-windows-x86_64, r-oldrel-macos-arm64, r-oldrel-macos-x86_64, r-oldrel-windows-x86_64
Version: 2.1.4
Check: data for non-ASCII characters
Result: NOTE
Note: found 13 marked UTF-8 strings
Flavors: r-devel-linux-x86_64-fedora-clang, r-devel-linux-x86_64-fedora-gcc