Last updated on 2023-12-02 04:52:23 CET.
Flavor | Version | Tinstall | Tcheck | Ttotal | Status | Flags |
---|---|---|---|---|---|---|
r-devel-linux-x86_64-debian-clang | 0.7.0 | 33.28 | 61.69 | 94.97 | WARN | |
r-devel-linux-x86_64-debian-gcc | 0.7.0 | 22.17 | 46.67 | 68.84 | OK | |
r-devel-linux-x86_64-fedora-clang | 0.7.0 | 121.39 | WARN | |||
r-devel-linux-x86_64-fedora-gcc | 0.7.0 | 137.14 | OK | |||
r-devel-windows-x86_64 | 0.7.0 | 25.00 | 99.00 | 124.00 | OK | |
r-patched-linux-x86_64 | 0.7.0 | 29.19 | 61.85 | 91.04 | OK | |
r-release-linux-x86_64 | 0.7.0 | 27.22 | 61.62 | 88.84 | OK | |
r-release-macos-arm64 | 0.7.0 | 48.00 | OK | |||
r-release-macos-x86_64 | 0.7.0 | 70.00 | OK | |||
r-release-windows-x86_64 | 0.7.0 | 32.00 | 113.00 | 145.00 | OK | |
r-oldrel-macos-arm64 | 0.7.0 | 42.00 | OK | |||
r-oldrel-macos-x86_64 | 0.7.0 | 53.00 | OK | |||
r-oldrel-windows-x86_64 | 0.7.0 | 29.00 | 107.00 | 136.00 | OK |
Version: 0.7.0
Check: whether package can be installed
Result: WARN
Found the following significant warnings:
RcppExports.cpp:865:18: warning: format string is not a string literal (potentially insecure) [-Wformat-security]
RcppExports.cpp:899:18: warning: format string is not a string literal (potentially insecure) [-Wformat-security]
RcppExports.cpp:933:18: warning: format string is not a string literal (potentially insecure) [-Wformat-security]
RcppExports.cpp:967:18: warning: format string is not a string literal (potentially insecure) [-Wformat-security]
See ‘/home/hornik/tmp/R.check/r-devel-clang/Work/PKGS/philentropy.Rcheck/00install.out’ for details.
* used C++ compiler: ‘Debian clang version 17.0.5 (1)’
Flavor: r-devel-linux-x86_64-debian-clang
Version: 0.7.0
Check: whether package can be installed
Result: WARN
Found the following significant warnings:
RcppExports.cpp:865:18: warning: format string is not a string literal (potentially insecure) [-Wformat-security]
RcppExports.cpp:899:18: warning: format string is not a string literal (potentially insecure) [-Wformat-security]
RcppExports.cpp:933:18: warning: format string is not a string literal (potentially insecure) [-Wformat-security]
RcppExports.cpp:967:18: warning: format string is not a string literal (potentially insecure) [-Wformat-security]
See ‘/data/gannet/ripley/R/packages/tests-clang/philentropy.Rcheck/00install.out’ for details.
* used C++ compiler: ‘clang version 17.0.5’
Flavor: r-devel-linux-x86_64-fedora-clang