CRAN Package Check Results for Package phase1PRMD

Last updated on 2024-07-15 05:49:09 CEST.

Flavor Version Tinstall Tcheck Ttotal Status Flags
r-devel-linux-x86_64-debian-clang 1.0.2 8.91 78.30 87.21 OK
r-devel-linux-x86_64-debian-gcc 1.0.2 8.45 57.31 65.76 OK
r-devel-linux-x86_64-fedora-clang 1.0.2 109.40 NOTE
r-devel-linux-x86_64-fedora-gcc 1.0.2 104.91 OK
r-devel-windows-x86_64 1.0.2 10.00 78.00 88.00 OK
r-patched-linux-x86_64 1.0.2 11.01 72.94 83.95 OK
r-release-linux-x86_64 1.0.2 10.24 72.76 83.00 OK
r-release-macos-arm64 1.0.2 30.00 OK
r-release-macos-x86_64 1.0.2 49.00 OK
r-release-windows-x86_64 1.0.2 10.00 78.00 88.00 OK
r-oldrel-macos-arm64 1.0.2 32.00 OK
r-oldrel-macos-x86_64 1.0.2 57.00 NOTE
r-oldrel-windows-x86_64 1.0.2 13.00 90.00 103.00 OK

Check Details

Version: 1.0.2
Check: Rd cross-references
Result: NOTE Undeclared package ‘phase1RMD’ in Rd xrefs Flavor: r-devel-linux-x86_64-fedora-clang

Version: 1.0.2
Check: Rd cross-references
Result: NOTE Package unavailable to check Rd xrefs: ‘phase1RMD’ Flavor: r-oldrel-macos-x86_64