Last updated on 2023-11-29 04:57:31 CET.
Flavor | Version | Tinstall | Tcheck | Ttotal | Status | Flags |
---|---|---|---|---|---|---|
r-devel-linux-x86_64-debian-clang | 1.0.2 | 9.81 | 79.41 | 89.22 | OK | |
r-devel-linux-x86_64-debian-gcc | 1.0.2 | 8.39 | 57.91 | 66.30 | OK | |
r-devel-linux-x86_64-fedora-clang | 1.0.2 | 110.63 | NOTE | |||
r-devel-linux-x86_64-fedora-gcc | 1.0.2 | 101.41 | OK | |||
r-devel-windows-x86_64 | 1.0.2 | 11.00 | 77.00 | 88.00 | OK | |
r-patched-linux-x86_64 | 1.0.2 | 9.92 | 72.93 | 82.85 | OK | |
r-release-linux-x86_64 | 1.0.2 | 5.98 | 72.14 | 78.12 | OK | |
r-release-macos-arm64 | 1.0.2 | 32.00 | OK | |||
r-release-macos-x86_64 | 1.0.2 | 57.00 | NOTE | |||
r-release-windows-x86_64 | 1.0.2 | 14.00 | 91.00 | 105.00 | OK | |
r-oldrel-macos-arm64 | 1.0.2 | 41.00 | OK | |||
r-oldrel-macos-x86_64 | 1.0.2 | 49.00 | OK | |||
r-oldrel-windows-x86_64 | 1.0.2 | 13.00 | 95.00 | 108.00 | OK |
Version: 1.0.2
Check: Rd cross-references
Result: NOTE
Undeclared package ‘phase1RMD’ in Rd xrefs
Flavor: r-devel-linux-x86_64-fedora-clang
Version: 1.0.2
Check: Rd cross-references
Result: NOTE
Package unavailable to check Rd xrefs: ‘phase1RMD’
Flavor: r-release-macos-x86_64