Last updated on 2023-12-02 04:52:23 CET.
Flavor | Version | Tinstall | Tcheck | Ttotal | Status | Flags |
---|---|---|---|---|---|---|
r-devel-linux-x86_64-debian-clang | 2.0.2 | 7.10 | 90.39 | 97.49 | NOTE | |
r-devel-linux-x86_64-debian-gcc | 2.0.2 | 6.31 | 67.96 | 74.27 | NOTE | |
r-devel-linux-x86_64-fedora-clang | 2.0.2 | 119.99 | NOTE | |||
r-devel-linux-x86_64-fedora-gcc | 2.0.2 | 116.91 | NOTE | |||
r-devel-windows-x86_64 | 2.0.2 | 9.00 | 90.00 | 99.00 | OK | |
r-patched-linux-x86_64 | 2.0.2 | 6.82 | 86.11 | 92.93 | NOTE | |
r-release-linux-x86_64 | 2.0.2 | 8.06 | 85.09 | 93.15 | NOTE | |
r-release-macos-arm64 | 2.0.2 | 36.00 | OK | |||
r-release-macos-x86_64 | 2.0.2 | 59.00 | OK | |||
r-release-windows-x86_64 | 2.0.2 | 11.00 | 101.00 | 112.00 | OK | |
r-oldrel-macos-arm64 | 2.0.2 | 35.00 | OK | |||
r-oldrel-macos-x86_64 | 2.0.2 | 47.00 | OK | |||
r-oldrel-windows-x86_64 | 2.0.2 | 13.00 | 108.00 | 121.00 | OK |
Version: 2.0.2
Check: Rd files
Result: NOTE
checkRd: (-1) mergeTrackObs.rd:24: Lost braces in \itemize; \value handles \item{}{} directly
checkRd: (-1) mergeTrackObs.rd:25: Lost braces in \itemize; \value handles \item{}{} directly
checkRd: (-1) mergeTrackObs.rd:26: Lost braces in \itemize; \value handles \item{}{} directly
checkRd: (-1) selMod.rd:29-31: Lost braces in \itemize; meant \describe ?
checkRd: (-1) selMod.rd:32-33: Lost braces in \itemize; meant \describe ?
checkRd: (-1) selMod.rd:54: Lost braces in \itemize; meant \describe ?
checkRd: (-1) selMod.rd:55: Lost braces in \itemize; meant \describe ?
Flavors: r-devel-linux-x86_64-debian-clang, r-devel-linux-x86_64-debian-gcc
Version: 2.0.2
Check: Rd cross-references
Result: NOTE
Unknown packages ‘maptools’, ‘rgdal’ in Rd xrefs
Flavors: r-devel-linux-x86_64-debian-clang, r-devel-linux-x86_64-debian-gcc, r-devel-linux-x86_64-fedora-gcc, r-patched-linux-x86_64, r-release-linux-x86_64
Version: 2.0.2
Check: Rd cross-references
Result: NOTE
Undeclared packages ‘classInt’, ‘maptools’, ‘agricolae’, ‘rgdal’, ‘plotrix’, ‘AICcmodavg’ in Rd xrefs
Unknown packages ‘maptools’, ‘rgdal’ in Rd xrefs
Flavor: r-devel-linux-x86_64-fedora-clang