CRAN Package Check Results for Package pgirmess

Last updated on 2024-06-20 05:53:53 CEST.

Flavor Version Tinstall Tcheck Ttotal Status Flags
r-devel-linux-x86_64-debian-clang 2.0.3 7.46 74.67 82.13 OK
r-devel-linux-x86_64-debian-gcc 2.0.3 6.49 54.81 61.30 OK
r-devel-linux-x86_64-fedora-clang 2.0.3 100.10 NOTE
r-devel-linux-x86_64-fedora-gcc 2.0.3 96.43 OK
r-devel-windows-x86_64 2.0.3 8.00 80.00 88.00 OK
r-patched-linux-x86_64 2.0.3 7.81 72.05 79.86 OK
r-release-linux-x86_64 2.0.3 6.60 71.87 78.47 OK
r-release-macos-arm64 2.0.3 31.00 OK
r-release-macos-x86_64 2.0.3 45.00 OK
r-release-windows-x86_64 2.0.3 8.00 81.00 89.00 OK
r-oldrel-macos-arm64 2.0.3 41.00 OK
r-oldrel-macos-x86_64 2.0.3 85.00 OK
r-oldrel-windows-x86_64 2.0.3 10.00 92.00 102.00 OK

Check Details

Version: 2.0.3
Check: Rd cross-references
Result: NOTE Undeclared packages ‘classInt’, ‘agricolae’, ‘plotrix’, ‘AICcmodavg’ in Rd xrefs Flavor: r-devel-linux-x86_64-fedora-clang