CRAN Package Check Results for Package performanceEstimation

Last updated on 2023-12-07 04:56:32 CET.

Flavor Version Tinstall Tcheck Ttotal Status Flags
r-devel-linux-x86_64-debian-clang 1.1.0 7.26 54.07 61.33 NOTE
r-devel-linux-x86_64-debian-gcc 1.1.0 7.07 41.36 48.43 NOTE
r-devel-linux-x86_64-fedora-clang 1.1.0 81.51 NOTE
r-devel-linux-x86_64-fedora-gcc 1.1.0 77.54 NOTE
r-devel-windows-x86_64 1.1.0 8.00 70.00 78.00 NOTE
r-patched-linux-x86_64 1.1.0 6.79 52.83 59.62 NOTE
r-release-linux-x86_64 1.1.0 4.88 52.54 57.42 NOTE
r-release-macos-arm64 1.1.0 25.00 NOTE
r-release-macos-x86_64 1.1.0 39.00 NOTE
r-release-windows-x86_64 1.1.0 10.00 78.00 88.00 NOTE
r-oldrel-macos-arm64 1.1.0 22.00 NOTE
r-oldrel-macos-x86_64 1.1.0 52.00 NOTE
r-oldrel-windows-x86_64 1.1.0 14.00 79.00 93.00 NOTE

Check Details

Version: 1.1.0
Check: package dependencies
Result: NOTE Package suggested but not available for checking: ‘DMwR’ Flavors: r-devel-linux-x86_64-debian-clang, r-devel-linux-x86_64-debian-gcc, r-devel-linux-x86_64-fedora-clang, r-devel-linux-x86_64-fedora-gcc, r-devel-windows-x86_64, r-patched-linux-x86_64, r-release-linux-x86_64, r-release-macos-arm64, r-release-macos-x86_64, r-release-windows-x86_64, r-oldrel-macos-arm64, r-oldrel-macos-x86_64, r-oldrel-windows-x86_64

Version: 1.1.0
Check: Rd files
Result: NOTE checkRd: (-1) classificationMetrics.Rd:85: Lost braces; missing escapes or markup? 85 | will use some extra notation, namely: TP = #{p == + & t == +} ; FP = | ^ checkRd: (-1) classificationMetrics.Rd:86: Lost braces; missing escapes or markup? 86 | #{p == + & t == -} ; TN = #{p == - & t == -}; FN = #{p == - & t == +} | ^ checkRd: (-1) classificationMetrics.Rd:86: Lost braces; missing escapes or markup? 86 | #{p == + & t == -} ; TN = #{p == - & t == -}; FN = #{p == - & t == +} | ^ checkRd: (-1) classificationMetrics.Rd:86: Lost braces; missing escapes or markup? 86 | #{p == + & t == -} ; TN = #{p == - & t == -}; FN = #{p == - & t == +} | ^ checkRd: (-1) classificationMetrics.Rd:87: Lost braces; missing escapes or markup? 87 | ; P = #{t == +} ; N = #{t == -}; Finally, for some descriptions | ^ checkRd: (-1) classificationMetrics.Rd:87: Lost braces; missing escapes or markup? 87 | ; P = #{t == +} ; N = #{t == -}; Finally, for some descriptions | ^ Flavors: r-devel-linux-x86_64-debian-clang, r-devel-linux-x86_64-debian-gcc

Version: 1.1.0
Check: LazyData
Result: NOTE 'LazyData' is specified without a 'data' directory Flavors: r-devel-linux-x86_64-debian-clang, r-devel-linux-x86_64-debian-gcc, r-devel-linux-x86_64-fedora-clang, r-devel-linux-x86_64-fedora-gcc, r-devel-windows-x86_64, r-patched-linux-x86_64, r-release-linux-x86_64, r-release-macos-arm64, r-release-macos-x86_64, r-release-windows-x86_64, r-oldrel-macos-arm64, r-oldrel-macos-x86_64, r-oldrel-windows-x86_64