Last updated on 2023-12-04 05:09:15 CET.
Flavor | Version | Tinstall | Tcheck | Ttotal | Status | Flags |
---|---|---|---|---|---|---|
r-devel-linux-x86_64-debian-clang | 2.2.0 | 514.93 | 153.50 | 668.43 | OK | |
r-devel-linux-x86_64-debian-gcc | 2.2.0 | 380.62 | 111.54 | 492.16 | OK | |
r-devel-linux-x86_64-fedora-clang | 2.2.0 | 864.29 | NOTE | |||
r-devel-linux-x86_64-fedora-gcc | 2.2.0 | 1018.15 | OK | |||
r-devel-windows-x86_64 | 2.2.0 | 351.00 | 163.00 | 514.00 | OK | |
r-patched-linux-x86_64 | 2.2.0 | 438.36 | 146.15 | 584.51 | OK | |
r-release-linux-x86_64 | 2.2.0 | 453.26 | 146.65 | 599.91 | OK | |
r-release-macos-arm64 | 2.2.0 | 248.00 | NOTE | |||
r-release-macos-x86_64 | 2.2.0 | 407.00 | NOTE | |||
r-release-windows-x86_64 | 2.2.0 | 452.00 | 196.00 | 648.00 | OK | |
r-oldrel-macos-arm64 | 2.2.0 | 218.00 | NOTE | |||
r-oldrel-macos-x86_64 | 2.2.0 | 286.00 | NOTE | |||
r-oldrel-windows-x86_64 | 2.2.0 | 413.00 | 198.00 | 611.00 | OK |
Version: 2.2.0
Check: installed package size
Result: NOTE
installed size is 5.5Mb
sub-directories of 1Mb or more:
libs 4.3Mb
Flavors: r-devel-linux-x86_64-fedora-clang, r-release-macos-arm64, r-release-macos-x86_64, r-oldrel-macos-arm64, r-oldrel-macos-x86_64