Last updated on 2023-11-28 04:57:27 CET.
Flavor | Version | Tinstall | Tcheck | Ttotal | Status | Flags |
---|---|---|---|---|---|---|
r-devel-linux-x86_64-debian-clang | 0.4.2 | 6.10 | 139.36 | 145.46 | NOTE | |
r-devel-linux-x86_64-debian-gcc | 0.4.2 | 4.23 | 100.59 | 104.82 | NOTE | |
r-devel-linux-x86_64-fedora-clang | 0.4.2 | 172.12 | NOTE | |||
r-devel-linux-x86_64-fedora-gcc | 0.4.2 | 176.59 | NOTE | |||
r-devel-windows-x86_64 | 0.4.2 | 6.00 | 114.00 | 120.00 | NOTE | |
r-patched-linux-x86_64 | 0.4.2 | 3.78 | 129.88 | 133.66 | NOTE | |
r-release-linux-x86_64 | 0.4.2 | 3.55 | 129.01 | 132.56 | NOTE | |
r-release-macos-arm64 | 0.4.2 | 57.00 | NOTE | |||
r-release-macos-x86_64 | 0.4.2 | 100.00 | NOTE | |||
r-release-windows-x86_64 | 0.4.2 | 7.00 | 145.00 | 152.00 | NOTE | |
r-oldrel-macos-arm64 | 0.4.2 | 34.00 | NOTE | |||
r-oldrel-macos-x86_64 | 0.4.2 | 124.00 | NOTE | |||
r-oldrel-windows-x86_64 | 0.4.2 | 8.00 | 151.00 | 159.00 | NOTE |
Version: 0.4.2
Check: LazyData
Result: NOTE
'LazyData' is specified without a 'data' directory
Flavors: r-devel-linux-x86_64-debian-clang, r-devel-linux-x86_64-debian-gcc, r-devel-linux-x86_64-fedora-clang, r-devel-linux-x86_64-fedora-gcc, r-devel-windows-x86_64, r-patched-linux-x86_64, r-release-linux-x86_64, r-release-macos-arm64, r-release-macos-x86_64, r-release-windows-x86_64, r-oldrel-macos-arm64, r-oldrel-macos-x86_64, r-oldrel-windows-x86_64