Last updated on 2023-11-28 04:57:27 CET.
Flavor | Version | Tinstall | Tcheck | Ttotal | Status | Flags |
---|---|---|---|---|---|---|
r-devel-linux-x86_64-debian-clang | 3.4.0 | 26.56 | 35.45 | 62.01 | OK | |
r-devel-linux-x86_64-debian-gcc | 3.4.0 | 18.84 | 27.91 | 46.75 | OK | |
r-devel-linux-x86_64-fedora-clang | 3.4.0 | 90.17 | NOTE | |||
r-devel-linux-x86_64-fedora-gcc | 3.4.0 | 87.46 | OK | |||
r-devel-windows-x86_64 | 3.4.0 | 34.00 | 113.00 | 147.00 | NOTE | |
r-patched-linux-x86_64 | 3.4.0 | 24.86 | 35.56 | 60.42 | OK | |
r-release-linux-x86_64 | 3.4.0 | 22.78 | 35.30 | 58.08 | OK | |
r-release-macos-arm64 | 3.4.0 | 126.00 | NOTE | |||
r-release-macos-x86_64 | 3.4.0 | 130.00 | NOTE | |||
r-release-windows-x86_64 | 3.4.0 | 42.00 | 134.00 | 176.00 | NOTE | |
r-oldrel-macos-arm64 | 3.4.0 | 34.00 | NOTE | |||
r-oldrel-macos-x86_64 | 3.4.0 | 108.00 | NOTE | |||
r-oldrel-windows-x86_64 | 3.4.0 | 44.00 | 107.00 | 151.00 | NOTE |
Version: 3.4.0
Check: package dependencies
Result: NOTE
Package suggested but not available for checking: ‘tesseract’
Flavor: r-devel-linux-x86_64-fedora-clang
Version: 3.4.0
Check: installed package size
Result: NOTE
installed size is 20.3Mb
sub-directories of 1Mb or more:
libs 7.4Mb
share 12.8Mb
Flavors: r-devel-windows-x86_64, r-release-macos-arm64, r-release-macos-x86_64, r-release-windows-x86_64, r-oldrel-macos-arm64, r-oldrel-macos-x86_64, r-oldrel-windows-x86_64