CRAN Package Check Results for Package pdfsearch

Last updated on 2024-02-27 04:50:45 CET.

Flavor Version Tinstall Tcheck Ttotal Status Flags
r-devel-linux-x86_64-debian-clang 0.3.0 5.21 59.19 64.40 NOTE
r-devel-linux-x86_64-debian-gcc 0.3.0 4.25 45.50 49.75 NOTE
r-devel-linux-x86_64-fedora-clang 0.3.0 79.32 NOTE
r-devel-linux-x86_64-fedora-gcc 0.3.0 90.09 NOTE
r-devel-windows-x86_64 0.3.0 6.00 64.00 70.00 OK
r-patched-linux-x86_64 0.3.0 9.22 57.11 66.33 OK
r-release-linux-x86_64 0.3.0 5.04 56.44 61.48 OK
r-release-macos-arm64 0.3.0 40.00 OK
r-release-macos-x86_64 0.3.0 53.00 OK
r-release-windows-x86_64 0.3.0 7.00 77.00 84.00 OK
r-oldrel-macos-arm64 0.3.0 27.00 OK
r-oldrel-windows-x86_64 0.3.0 7.00 79.00 86.00 OK

Check Details

Version: 0.3.0
Check: Rd files
Result: NOTE checkRd: (-1) keyword_directory.Rd:48: Lost braces 48 | Default pattern is "\\p{WHITE_SPACE}{3,}" which can be interpreted as: | ^ checkRd: (-1) keyword_directory.Rd:48: Lost braces 48 | Default pattern is "\\p{WHITE_SPACE}{3,}" which can be interpreted as: | ^ checkRd: (-1) keyword_search.Rd:59: Lost braces 59 | Default pattern is "\\p{WHITE_SPACE}{3,}" which can be interpreted as: | ^ checkRd: (-1) keyword_search.Rd:59: Lost braces 59 | Default pattern is "\\p{WHITE_SPACE}{3,}" which can be interpreted as: | ^ Flavors: r-devel-linux-x86_64-debian-clang, r-devel-linux-x86_64-debian-gcc, r-devel-linux-x86_64-fedora-clang, r-devel-linux-x86_64-fedora-gcc