CRAN Package Check Results for Package pder

Last updated on 2024-06-14 05:58:33 CEST.

Flavor Version Tinstall Tcheck Ttotal Status Flags
r-devel-linux-x86_64-debian-clang 1.0-2 4.79 69.16 73.95 OK
r-devel-linux-x86_64-debian-gcc 1.0-2 3.67 50.72 54.39 NOTE
r-devel-linux-x86_64-fedora-clang 1.0-2 91.00 OK
r-devel-linux-x86_64-fedora-gcc 1.0-2 87.42 OK
r-devel-windows-x86_64 1.0-2 8.00 80.00 88.00 OK
r-patched-linux-x86_64 1.0-2 7.04 65.46 72.50 OK
r-release-linux-x86_64 1.0-2 5.35 65.80 71.15 OK
r-release-macos-arm64 1.0-2 32.00 OK
r-release-macos-x86_64 1.0-2 52.00 OK
r-release-windows-x86_64 1.0-2 9.00 83.00 92.00 OK
r-oldrel-macos-arm64 1.0-2 33.00 OK
r-oldrel-macos-x86_64 1.0-2 50.00 OK
r-oldrel-windows-x86_64 1.0-2 9.00 95.00 104.00 OK

Check Details

Version: 1.0-2
Check: package dependencies
Result: NOTE Packages suggested but not available for checking: 'car', 'dplyr', 'ggplot2', 'splm' Flavor: r-devel-linux-x86_64-debian-gcc