CRAN Package Check Results for Package pccc

Last updated on 2023-12-08 05:02:12 CET.

Flavor Version Tinstall Tcheck Ttotal Status Flags
r-devel-linux-x86_64-debian-clang 1.0.5 57.08 66.83 123.91 NOTE
r-devel-linux-x86_64-debian-gcc 1.0.5 37.11 51.78 88.89 NOTE
r-devel-linux-x86_64-fedora-clang 1.0.5 163.62 NOTE
r-devel-linux-x86_64-fedora-gcc 1.0.5 170.21 NOTE
r-devel-windows-x86_64 1.0.5 46.00 91.00 137.00 NOTE
r-patched-linux-x86_64 1.0.5 44.30 65.83 110.13 NOTE
r-release-linux-x86_64 1.0.5 43.29 63.00 106.29 NOTE
r-release-macos-arm64 1.0.5 65.00 NOTE
r-release-macos-x86_64 1.0.5 90.00 NOTE
r-release-windows-x86_64 1.0.5 58.00 106.00 164.00 NOTE
r-oldrel-macos-arm64 1.0.5 53.00 OK
r-oldrel-macos-x86_64 1.0.5 95.00 NOTE
r-oldrel-windows-x86_64 1.0.5 48.00 102.00 150.00 OK

Check Details

Version: 1.0.5
Check: C++ specification
Result: NOTE Specified C++11: please drop specification unless essential Flavors: r-devel-linux-x86_64-debian-clang, r-devel-linux-x86_64-debian-gcc, r-devel-linux-x86_64-fedora-clang, r-devel-linux-x86_64-fedora-gcc, r-devel-windows-x86_64, r-patched-linux-x86_64, r-release-linux-x86_64, r-release-macos-arm64, r-release-macos-x86_64, r-release-windows-x86_64

Version: 1.0.5
Check: installed package size
Result: NOTE installed size is 6.1Mb sub-directories of 1Mb or more: libs 4.3Mb Flavor: r-oldrel-macos-x86_64