Last updated on 2023-12-03 04:56:15 CET.
Flavor | Version | Tinstall | Tcheck | Ttotal | Status | Flags |
---|---|---|---|---|---|---|
r-devel-linux-x86_64-debian-clang | 2.7-9 | 132.56 | 411.39 | 543.95 | NOTE | |
r-devel-linux-x86_64-debian-gcc | 2.7-9 | 91.53 | 310.42 | 401.95 | NOTE | |
r-devel-linux-x86_64-fedora-clang | 2.7-9 | 742.83 | NOTE | |||
r-devel-linux-x86_64-fedora-gcc | 2.7-9 | 689.68 | OK | |||
r-devel-windows-x86_64 | 2.7-9 | 95.00 | 362.00 | 457.00 | NOTE | |
r-patched-linux-x86_64 | 2.7-9 | 124.97 | 396.06 | 521.03 | OK | |
r-release-linux-x86_64 | 2.7-9 | 115.23 | 395.11 | 510.34 | OK | |
r-release-macos-arm64 | 2.7-9 | 189.00 | NOTE | |||
r-release-macos-x86_64 | 2.7-9 | 453.00 | NOTE | |||
r-release-windows-x86_64 | 2.7-9 | 129.00 | 453.00 | 582.00 | NOTE | |
r-oldrel-macos-arm64 | 2.7-9 | 187.00 | NOTE | |||
r-oldrel-macos-x86_64 | 2.7-9 | 311.00 | NOTE | |||
r-oldrel-windows-x86_64 | 2.7-9 | 118.00 | 459.00 | 577.00 | NOTE |
Version: 2.7-9
Check: Rd files
Result: NOTE
checkRd: (-1) addBgKnowledge.Rd:26: Lost braces; missing escapes or markup?
26 | If \code{x} and \code{y} are not specified (or empty vectors) this function simply completes the orientation rules from Meek (1995). If \code{x} and \code{y} are vectors of length k, k>1, this function tries to add \code{x[i] -> y[i]} to the adjacency matrix amat and complete the orientation rules from Meek (1995) for every i in {1,...,k} (see Algorithm 1 in Perkovic et. al, 2017).
| ^
checkRd: (-1) adjustment.Rd:33: Lost braces; missing escapes or markup?
33 | is returned that consists of all (possible) ancestors of \code{x} and {y},
| ^
checkRd: (-1) fci.Rd:70: Lost braces
70 | and the size of Possible-D-SEP(\code{x})\ {\code{x},\code{y}} is
| ^
checkRd: (-1) fci.Rd:154: Lost braces; missing escapes or markup?
154 | and \code{y} if and only if variables {x} and {y} are conditionally dependent
| ^
checkRd: (-1) fci.Rd:154: Lost braces; missing escapes or markup?
154 | and \code{y} if and only if variables {x} and {y} are conditionally dependent
| ^
checkRd: (-1) pdsep.Rd:61: Lost braces
61 | and the size of Possible-D-SEP(x,G)\ {\code{x},\code{y}}, is
| ^
checkRd: (-1) rfci.Rd:117: Lost braces; missing escapes or markup?
117 | given all subsets of sepset(d,c) \ {f1,f2 }. If we do not find any
| ^
Flavors: r-devel-linux-x86_64-debian-clang, r-devel-linux-x86_64-debian-gcc
Version: 2.7-9
Check: installed package size
Result: NOTE
installed size is 5.5Mb
sub-directories of 1Mb or more:
data 2.1Mb
Flavors: r-devel-linux-x86_64-fedora-clang, r-devel-windows-x86_64, r-release-macos-arm64, r-release-macos-x86_64, r-release-windows-x86_64, r-oldrel-macos-arm64, r-oldrel-macos-x86_64, r-oldrel-windows-x86_64
Version: 2.7-9
Check: Rd cross-references
Result: NOTE
Undeclared packages ‘combinat’, ‘unifDAG’ in Rd xrefs
Flavor: r-devel-linux-x86_64-fedora-clang