CRAN Package Check Results for Package pbs

Last updated on 2024-02-26 04:49:34 CET.

Flavor Version Tinstall Tcheck Ttotal Status Flags
r-devel-linux-x86_64-debian-clang 1.1 1.87 21.12 22.99 NOTE
r-devel-linux-x86_64-debian-gcc 1.1 1.68 16.66 18.34 NOTE
r-devel-linux-x86_64-fedora-clang 1.1 29.20 NOTE
r-devel-linux-x86_64-fedora-gcc 1.1 28.10 NOTE
r-devel-windows-x86_64 1.1 2.00 38.00 40.00 NOTE
r-patched-linux-x86_64 1.1 1.98 20.91 22.89 NOTE
r-release-linux-x86_64 1.1 1.67 20.90 22.57 NOTE
r-release-macos-arm64 1.1 15.00 NOTE
r-release-macos-x86_64 1.1 19.00 NOTE
r-release-windows-x86_64 1.1 2.00 38.00 40.00 NOTE
r-oldrel-macos-arm64 1.1 20.00 NOTE
r-oldrel-windows-x86_64 1.1 4.00 45.00 49.00 NOTE

Check Details

Version: 1.1
Check: DESCRIPTION meta-information
Result: NOTE Malformed Description field: should contain one or more complete sentences. Flavors: r-devel-linux-x86_64-debian-clang, r-devel-linux-x86_64-debian-gcc, r-devel-linux-x86_64-fedora-clang, r-devel-linux-x86_64-fedora-gcc, r-devel-windows-x86_64, r-patched-linux-x86_64, r-release-linux-x86_64, r-release-macos-arm64, r-release-macos-x86_64, r-release-windows-x86_64, r-oldrel-macos-arm64, r-oldrel-windows-x86_64