CRAN Package Check Results for Package paws.database

Last updated on 2024-02-21 04:55:47 CET.

Flavor Version Tinstall Tcheck Ttotal Status Flags
r-devel-linux-x86_64-debian-clang 0.5.0 OK
r-devel-linux-x86_64-debian-gcc 0.5.0 76.96 190.56 267.52 OK
r-devel-linux-x86_64-fedora-clang 0.5.0 442.38 OK
r-devel-linux-x86_64-fedora-gcc 0.5.0 416.22 OK
r-devel-windows-x86_64 0.5.0 81.00 311.00 392.00 OK
r-patched-linux-x86_64 0.5.0 123.95 246.74 370.69 OK
r-release-linux-x86_64 0.5.0 90.68 246.21 336.89 OK
r-release-macos-arm64 0.5.0 108.00 NOTE
r-release-macos-x86_64 0.5.0 189.00 OK
r-release-windows-x86_64 0.5.0 109.00 414.00 523.00 OK
r-oldrel-macos-arm64 0.5.0 90.00 OK
r-oldrel-windows-x86_64 0.5.0 117.00 164.00 281.00 OK

Check Details

Version: 0.5.0
Check: installed package size
Result: NOTE installed size is 5.1Mb sub-directories of 1Mb or more: R 2.1Mb help 2.9Mb Flavor: r-release-macos-arm64