CRAN Package Check Results for Package parallelDist

Last updated on 2024-03-03 04:48:43 CET.

Flavor Version Tinstall Tcheck Ttotal Status Flags
r-devel-linux-x86_64-debian-clang 0.2.6 79.16 135.77 214.93 NOTE
r-devel-linux-x86_64-debian-gcc 0.2.6 59.85 94.72 154.57 NOTE
r-devel-linux-x86_64-fedora-clang 0.2.6 285.64 NOTE
r-devel-linux-x86_64-fedora-gcc 0.2.6 289.32 NOTE
r-devel-windows-x86_64 0.2.6 59.00 154.00 213.00 NOTE
r-patched-linux-x86_64 0.2.6 71.01 129.55 200.56 NOTE
r-release-linux-x86_64 0.2.6 69.97 128.35 198.32 NOTE
r-release-macos-arm64 0.2.6 74.00 NOTE
r-release-macos-x86_64 0.2.6 142.00 NOTE
r-release-windows-x86_64 0.2.6 75.00 179.00 254.00 NOTE
r-oldrel-macos-arm64 0.2.6 63.00 OK
r-oldrel-windows-x86_64 0.2.6 71.00 169.00 240.00 OK

Additional issues

Intel

Check Details

Version: 0.2.6
Check: C++ specification
Result: NOTE Specified C++11: please drop specification unless essential Flavors: r-devel-linux-x86_64-debian-clang, r-devel-linux-x86_64-debian-gcc, r-devel-linux-x86_64-fedora-clang, r-devel-linux-x86_64-fedora-gcc, r-devel-windows-x86_64, r-patched-linux-x86_64, r-release-linux-x86_64, r-release-macos-arm64, r-release-macos-x86_64, r-release-windows-x86_64