CRAN Package Check Results for Package pamr

Last updated on 2023-11-30 04:53:00 CET.

Flavor Version Tinstall Tcheck Ttotal Status Flags
r-devel-linux-x86_64-debian-clang 1.56.1 10.07 84.86 94.93 NOTE
r-devel-linux-x86_64-debian-gcc 1.56.1 7.36 62.87 70.23 NOTE
r-devel-linux-x86_64-fedora-clang 1.56.1 117.04 NOTE
r-devel-linux-x86_64-fedora-gcc 1.56.1 112.76 NOTE
r-devel-windows-x86_64 1.56.1 10.00 86.00 96.00 NOTE
r-patched-linux-x86_64 1.56.1 10.04 80.98 91.02 NOTE
r-release-linux-x86_64 1.56.1 7.77 81.71 89.48 NOTE
r-release-macos-arm64 1.56.1 41.00 NOTE
r-release-macos-x86_64 1.56.1 65.00 NOTE
r-release-windows-x86_64 1.56.1 15.00 98.00 113.00 NOTE
r-oldrel-macos-arm64 1.56.1 41.00 OK
r-oldrel-macos-x86_64 1.56.1 52.00 OK
r-oldrel-windows-x86_64 1.56.1 15.00 103.00 118.00 OK

Check Details

Version: 1.56.1
Check: Rd \usage sections
Result: NOTE S3 methods shown with full name in Rd file 'pamr.internal.Rd': ‘print.nsc’ ‘print.nsccv’ The \usage entries for S3 methods should use the \method markup and not their full name. See chapter ‘Writing R documentation files’ in the ‘Writing R Extensions’ manual. Flavors: r-devel-linux-x86_64-debian-clang, r-devel-linux-x86_64-debian-gcc, r-devel-linux-x86_64-fedora-clang, r-devel-linux-x86_64-fedora-gcc, r-devel-windows-x86_64

Version: 1.56.1
Check: compiled code
Result: NOTE File ‘pamr/libs/pamr.so’: Found no calls to: ‘R_registerRoutines’, ‘R_useDynamicSymbols’ It is good practice to register native routines and to disable symbol search. See ‘Writing portable packages’ in the ‘Writing R Extensions’ manual. Flavors: r-devel-linux-x86_64-fedora-clang, r-devel-linux-x86_64-fedora-gcc

Version: 1.56.1
Check: Rd \usage sections
Result: NOTE S3 methods shown with full name in documentation object 'pamr-internal': ‘print.nsc’ ‘print.nsccv’ The \usage entries for S3 methods should use the \method markup and not their full name. See chapter ‘Writing R documentation files’ in the ‘Writing R Extensions’ manual. Flavors: r-patched-linux-x86_64, r-release-linux-x86_64, r-release-macos-arm64, r-release-macos-x86_64, r-release-windows-x86_64