Last updated on 2023-12-01 04:54:04 CET.
Flavor | Version | Tinstall | Tcheck | Ttotal | Status | Flags |
---|---|---|---|---|---|---|
r-devel-linux-x86_64-debian-clang | 3.4.5 | 21.29 | 447.57 | 468.86 | NOTE | |
r-devel-linux-x86_64-debian-gcc | 3.4.5 | 23.83 | 311.86 | 335.69 | NOTE | |
r-devel-linux-x86_64-fedora-clang | 3.4.5 | 569.89 | OK | |||
r-devel-linux-x86_64-fedora-gcc | 3.4.5 | 553.82 | OK | |||
r-devel-windows-x86_64 | 3.4.5 | 25.00 | 297.00 | 322.00 | OK | |
r-patched-linux-x86_64 | 3.4.5 | 31.29 | 422.02 | 453.31 | OK | |
r-release-linux-x86_64 | 3.4.5 | 24.28 | 421.06 | 445.34 | OK | |
r-release-macos-arm64 | 3.4.5 | 131.00 | OK | |||
r-release-macos-x86_64 | 3.4.5 | 226.00 | OK | |||
r-release-windows-x86_64 | 3.4.5 | 34.00 | 398.00 | 432.00 | OK | |
r-oldrel-macos-arm64 | 3.4.5 | 127.00 | OK | |||
r-oldrel-macos-x86_64 | 3.4.5 | 161.00 | OK | |||
r-oldrel-windows-x86_64 | 3.4.5 | 34.00 | 382.00 | 416.00 | OK |
Version: 3.4.5
Check: Rd files
Result: NOTE
checkRd: (-1) branchClasses.Rd:15: Lost braces; missing escapes or markup?
15 | \item{whichExtant}{A logical vector with length equal to number of tips in the tree. A {TRUE} value indicates
| ^
checkRd: (-1) minCharChange.Rd:134: Lost braces; missing escapes or markup?
134 | an identical name in function \code{phyDat} in package {phangorn}.
| ^
checkRd: (-1) resolveTreeChar.Rd:98: Lost braces; missing escapes or markup?
98 | an identical name in function \code{phyDat} in package {phangorn}.
| ^
checkRd: (-1) simFossilRecord.Rd:44: Lost braces
44 | since its origination time is code{D},
| ^
Flavors: r-devel-linux-x86_64-debian-clang, r-devel-linux-x86_64-debian-gcc