Last updated on 2023-12-06 04:55:59 CET.
Flavor | Version | Tinstall | Tcheck | Ttotal | Status | Flags |
---|---|---|---|---|---|---|
r-devel-linux-x86_64-debian-clang | 0.0.8 | 8.82 | 74.86 | 83.68 | NOTE | |
r-devel-linux-x86_64-debian-gcc | 0.0.8 | 6.69 | 57.80 | 64.49 | NOTE | |
r-devel-linux-x86_64-fedora-clang | 0.0.8 | 105.57 | NOTE | |||
r-devel-linux-x86_64-fedora-gcc | 0.0.8 | 114.47 | NOTE | |||
r-devel-windows-x86_64 | 0.0.8 | 7.00 | 74.00 | 81.00 | NOTE | |
r-patched-linux-x86_64 | 0.0.8 | 6.69 | 72.65 | 79.34 | NOTE | |
r-release-linux-x86_64 | 0.0.8 | 8.05 | 71.63 | 79.68 | NOTE | |
r-release-macos-arm64 | 0.0.8 | 47.00 | NOTE | |||
r-release-macos-x86_64 | 0.0.8 | 63.00 | NOTE | |||
r-release-windows-x86_64 | 0.0.8 | 11.00 | 89.00 | 100.00 | NOTE | |
r-oldrel-macos-arm64 | 0.0.8 | 38.00 | NOTE | |||
r-oldrel-macos-x86_64 | 0.0.8 | 44.00 | NOTE | |||
r-oldrel-windows-x86_64 | 0.0.8 | 9.00 | 81.00 | 90.00 | NOTE |
Version: 0.0.8
Check: package dependencies
Result: NOTE
Package which this enhances but not available for checking: ‘CorShrink’
Flavors: r-devel-linux-x86_64-debian-clang, r-devel-linux-x86_64-debian-gcc, r-devel-linux-x86_64-fedora-clang, r-devel-linux-x86_64-fedora-gcc, r-devel-windows-x86_64, r-patched-linux-x86_64, r-release-linux-x86_64, r-release-macos-arm64, r-release-windows-x86_64, r-oldrel-macos-arm64, r-oldrel-macos-x86_64, r-oldrel-windows-x86_64
Version: 0.0.8
Check: Rd \usage sections
Result: NOTE
Documented arguments not in \usage in Rd file 'other.Rd':
‘trial’
Functions with \usage entries need to have the appropriate \alias
entries, and all their arguments documented.
The \usage entries must correspond to syntactically valid R code.
See chapter ‘Writing R documentation files’ in the ‘Writing R
Extensions’ manual.
Flavors: r-devel-linux-x86_64-debian-clang, r-devel-linux-x86_64-debian-gcc, r-devel-linux-x86_64-fedora-clang, r-devel-linux-x86_64-fedora-gcc, r-devel-windows-x86_64
Version: 0.0.8
Check: package dependencies
Result: NOTE
Packages which this enhances but not available for checking:
'CorShrink', 'edgeR'
Flavor: r-release-macos-x86_64