CRAN Package Check Results for Package palaeoverse

Last updated on 2024-03-03 04:48:43 CET.

Flavor Version Tinstall Tcheck Ttotal Status Flags
r-devel-linux-x86_64-debian-clang 1.2.1 11.47 235.72 247.19 OK
r-devel-linux-x86_64-debian-gcc 1.2.1 10.67 173.41 184.08 OK
r-devel-linux-x86_64-fedora-clang 1.2.1 300.94 NOTE
r-devel-linux-x86_64-fedora-gcc 1.2.1 298.92 NOTE
r-devel-windows-x86_64 1.2.1 13.00 173.00 186.00 OK
r-patched-linux-x86_64 1.2.1 13.66 234.87 248.53 OK
r-release-linux-x86_64 1.2.1 8.30 230.62 238.92 OK
r-release-macos-arm64 1.2.1 88.00 OK
r-release-macos-x86_64 1.2.1 202.00 OK
r-release-windows-x86_64 1.2.1 17.00 222.00 239.00 OK
r-oldrel-macos-arm64 1.2.1 82.00 OK
r-oldrel-windows-x86_64 1.2.1 16.00 227.00 243.00 OK

Check Details

Version: 1.2.1
Check: data for non-ASCII characters
Result: NOTE Note: found 314 marked UTF-8 strings Flavors: r-devel-linux-x86_64-fedora-clang, r-devel-linux-x86_64-fedora-gcc