Last updated on 2023-11-30 04:53:00 CET.
Flavor | Version | Tinstall | Tcheck | Ttotal | Status | Flags |
---|---|---|---|---|---|---|
r-devel-linux-x86_64-debian-clang | 1.0 | 3.27 | 36.50 | 39.77 | NOTE | |
r-devel-linux-x86_64-debian-gcc | 1.0 | 2.85 | 28.80 | 31.65 | NOTE | |
r-devel-linux-x86_64-fedora-clang | 1.0 | 51.79 | NOTE | |||
r-devel-linux-x86_64-fedora-gcc | 1.0 | 60.49 | NOTE | |||
r-devel-windows-x86_64 | 1.0 | 5.00 | 53.00 | 58.00 | NOTE | |
r-patched-linux-x86_64 | 1.0 | 3.79 | 36.30 | 40.09 | NOTE | |
r-release-linux-x86_64 | 1.0 | 3.52 | 35.53 | 39.05 | NOTE | |
r-release-macos-arm64 | 1.0 | 27.00 | NOTE | |||
r-release-macos-x86_64 | 1.0 | 41.00 | NOTE | |||
r-release-windows-x86_64 | 1.0 | 6.00 | 56.00 | 62.00 | NOTE | |
r-oldrel-macos-arm64 | 1.0 | 18.00 | NOTE | |||
r-oldrel-macos-x86_64 | 1.0 | 24.00 | NOTE | |||
r-oldrel-windows-x86_64 | 1.0 | 6.00 | 61.00 | 67.00 | NOTE |
Version: 1.0
Check: LazyData
Result: NOTE
'LazyData' is specified without a 'data' directory
Flavors: r-devel-linux-x86_64-debian-clang, r-devel-linux-x86_64-debian-gcc, r-devel-linux-x86_64-fedora-clang, r-devel-linux-x86_64-fedora-gcc, r-devel-windows-x86_64, r-patched-linux-x86_64, r-release-linux-x86_64, r-release-macos-arm64, r-release-macos-x86_64, r-release-windows-x86_64, r-oldrel-macos-arm64, r-oldrel-macos-x86_64, r-oldrel-windows-x86_64