Last updated on 2023-12-07 04:56:31 CET.
Flavor | Version | Tinstall | Tcheck | Ttotal | Status | Flags |
---|---|---|---|---|---|---|
r-devel-linux-x86_64-debian-clang | 0.5.1 | 3.44 | 34.98 | 38.42 | OK | |
r-devel-linux-x86_64-debian-gcc | 0.5.1 | 3.18 | 27.68 | 30.86 | OK | |
r-devel-linux-x86_64-fedora-clang | 0.5.1 | 49.70 | NOTE | |||
r-devel-linux-x86_64-fedora-gcc | 0.5.1 | 49.75 | OK | |||
r-devel-windows-x86_64 | 0.5.1 | 5.00 | 57.00 | 62.00 | OK | |
r-patched-linux-x86_64 | 0.5.1 | 5.03 | 34.71 | 39.74 | OK | |
r-release-linux-x86_64 | 0.5.1 | 2.94 | 34.32 | 37.26 | OK | |
r-release-macos-arm64 | 0.5.1 | 20.00 | OK | |||
r-release-macos-x86_64 | 0.5.1 | 30.00 | OK | |||
r-release-windows-x86_64 | 0.5.1 | 4.00 | 61.00 | 65.00 | OK | |
r-oldrel-macos-arm64 | 0.5.1 | 31.00 | OK | |||
r-oldrel-macos-x86_64 | 0.5.1 | 27.00 | OK | |||
r-oldrel-windows-x86_64 | 0.5.1 | 7.00 | 58.00 | 65.00 | OK |
Version: 0.5.1
Check: Rd cross-references
Result: NOTE
Undeclared package ‘devtools’ in Rd xrefs
Flavor: r-devel-linux-x86_64-fedora-clang