Last updated on 2023-11-29 04:57:30 CET.
Flavor | Version | Tinstall | Tcheck | Ttotal | Status | Flags |
---|---|---|---|---|---|---|
r-devel-linux-x86_64-debian-clang | 0.1.3 | 4.65 | 47.24 | 51.89 | NOTE | |
r-devel-linux-x86_64-debian-gcc | 0.1.3 | 5.22 | 36.66 | 41.88 | NOTE | |
r-devel-linux-x86_64-fedora-clang | 0.1.3 | 67.50 | NOTE | |||
r-devel-linux-x86_64-fedora-gcc | 0.1.3 | 64.46 | NOTE | |||
r-devel-windows-x86_64 | 0.1.3 | 9.00 | 66.00 | 75.00 | NOTE | |
r-patched-linux-x86_64 | 0.1.3 | 4.34 | 46.94 | 51.28 | NOTE | |
r-release-linux-x86_64 | 0.1.3 | 3.70 | 46.72 | 50.42 | NOTE | |
r-release-macos-arm64 | 0.1.3 | 24.00 | NOTE | |||
r-release-macos-x86_64 | 0.1.3 | 41.00 | NOTE | |||
r-release-windows-x86_64 | 0.1.3 | 11.00 | 69.00 | 80.00 | NOTE | |
r-oldrel-macos-arm64 | 0.1.3 | 24.00 | OK | |||
r-oldrel-macos-x86_64 | 0.1.3 | 31.00 | OK | |||
r-oldrel-windows-x86_64 | 0.1.3 | 9.00 | 65.00 | 74.00 | OK |
Version: 0.1.3
Check: package subdirectories
Result: NOTE
Problems with news in ‘NEWS.md’:
Cannot extract version info from the following section titles:
Changes
Flavors: r-devel-linux-x86_64-debian-clang, r-devel-linux-x86_64-debian-gcc, r-devel-linux-x86_64-fedora-clang, r-devel-linux-x86_64-fedora-gcc, r-devel-windows-x86_64, r-patched-linux-x86_64, r-release-linux-x86_64, r-release-macos-arm64, r-release-macos-x86_64, r-release-windows-x86_64