CRAN Package Check Results for Package owmr

Last updated on 2024-06-14 05:58:32 CEST.

Flavor Version Tinstall Tcheck Ttotal Status Flags
r-devel-linux-x86_64-debian-clang 0.8.2 2.67 30.65 33.32 OK
r-devel-linux-x86_64-debian-gcc 0.8.2 0.40 1.69 2.09 ERROR
r-devel-linux-x86_64-fedora-clang 0.8.2 44.42 OK
r-devel-linux-x86_64-fedora-gcc 0.8.2 54.03 OK
r-devel-windows-x86_64 0.8.2 5.00 49.00 54.00 OK
r-patched-linux-x86_64 0.8.2 4.48 30.05 34.53 OK
r-release-linux-x86_64 0.8.2 2.32 30.53 32.85 OK
r-release-macos-arm64 0.8.2 29.00 OK
r-release-macos-x86_64 0.8.2 39.00 OK
r-release-windows-x86_64 0.8.2 6.00 50.00 56.00 OK
r-oldrel-macos-arm64 0.8.2 23.00 OK
r-oldrel-macos-x86_64 0.8.2 31.00 OK
r-oldrel-windows-x86_64 0.8.2 7.00 52.00 59.00 OK

Check Details

Version: 0.8.2
Check: package dependencies
Result: ERROR Packages required but not available: 'tibble', 'tidyr' Package suggested but not available for checking: ‘testthat’ See section ‘The DESCRIPTION file’ in the ‘Writing R Extensions’ manual. Flavor: r-devel-linux-x86_64-debian-gcc