CRAN Package Check Results for Package otp

Last updated on 2024-02-26 04:49:34 CET.

Flavor Version Tinstall Tcheck Ttotal Status Flags
r-devel-linux-x86_64-debian-clang 0.1.1 4.50 22.45 26.95 OK
r-devel-linux-x86_64-debian-gcc 0.1.1 3.64 18.04 21.68 OK
r-devel-linux-x86_64-fedora-clang 0.1.1 34.22 NOTE
r-devel-linux-x86_64-fedora-gcc 0.1.1 32.16 NOTE
r-devel-windows-x86_64 0.1.1 5.00 40.00 45.00 OK
r-patched-linux-x86_64 0.1.1 4.63 22.19 26.82 OK
r-release-linux-x86_64 0.1.1 4.54 22.52 27.06 OK
r-release-macos-arm64 0.1.1 20.00 OK
r-release-macos-x86_64 0.1.1 33.00 OK
r-release-windows-x86_64 0.1.1 6.00 40.00 46.00 OK
r-oldrel-macos-arm64 0.1.1 21.00 OK
r-oldrel-windows-x86_64 0.1.1 5.00 45.00 50.00 OK

Check Details

Version: 0.1.1
Check: dependencies in R code
Result: NOTE Namespaces in Imports field not imported from: ‘R6’ ‘openssl’ All declared Imports should be used. Flavors: r-devel-linux-x86_64-fedora-clang, r-devel-linux-x86_64-fedora-gcc