CRAN Package Check Results for Package osmextract

Last updated on 2024-06-14 05:58:32 CEST.

Flavor Version Tinstall Tcheck Ttotal Status Flags
r-devel-linux-x86_64-debian-clang 0.5.1 8.67 103.10 111.77 OK
r-devel-linux-x86_64-debian-gcc 0.5.1 5.90 62.42 68.32 ERROR
r-devel-linux-x86_64-fedora-clang 0.5.1 134.57 NOTE
r-devel-linux-x86_64-fedora-gcc 0.5.1 142.31 NOTE
r-devel-windows-x86_64 0.5.1 7.00 105.00 112.00 NOTE
r-patched-linux-x86_64 0.5.1 8.10 97.49 105.59 OK
r-release-linux-x86_64 0.5.1 8.06 99.54 107.60 OK
r-release-macos-arm64 0.5.1 55.00 NOTE
r-release-macos-x86_64 0.5.1 80.00 NOTE
r-release-windows-x86_64 0.5.1 7.00 106.00 113.00 NOTE
r-oldrel-macos-arm64 0.5.1 67.00 NOTE
r-oldrel-macos-x86_64 0.5.1 89.00 NOTE
r-oldrel-windows-x86_64 0.5.1 11.00 124.00 135.00 NOTE

Check Details

Version: 0.5.1
Check: package dependencies
Result: NOTE Package suggested but not available for checking: ‘testthat’ Flavor: r-devel-linux-x86_64-debian-gcc

Version: 0.5.1
Check: tests
Result: ERROR Running ‘testthat.R’ [0s/1s] Running the tests in ‘tests/testthat.R’ failed. Complete output: > library(testthat) Error in library(testthat) : there is no package called 'testthat' Execution halted Flavor: r-devel-linux-x86_64-debian-gcc

Version: 0.5.1
Check: installed package size
Result: NOTE installed size is 5.2Mb sub-directories of 1Mb or more: data 3.5Mb help 1.1Mb Flavors: r-devel-linux-x86_64-fedora-clang, r-devel-windows-x86_64, r-release-macos-arm64, r-release-macos-x86_64, r-release-windows-x86_64, r-oldrel-macos-arm64, r-oldrel-macos-x86_64, r-oldrel-windows-x86_64

Version: 0.5.1
Check: data for non-ASCII characters
Result: NOTE Note: found 35 marked UTF-8 strings Flavors: r-devel-linux-x86_64-fedora-clang, r-devel-linux-x86_64-fedora-gcc