Last updated on 2023-12-04 05:09:14 CET.
Flavor | Version | Tinstall | Tcheck | Ttotal | Status | Flags |
---|---|---|---|---|---|---|
r-devel-linux-x86_64-debian-clang | 1.2.1 | 62.59 | 84.18 | 146.77 | NOTE | |
r-devel-linux-x86_64-debian-gcc | 1.2.1 | 48.89 | 66.72 | 115.61 | NOTE | |
r-devel-linux-x86_64-fedora-clang | 1.2.1 | 187.37 | OK | |||
r-devel-linux-x86_64-fedora-gcc | 1.2.1 | 208.54 | OK | |||
r-devel-windows-x86_64 | 1.2.1 | 43.00 | 93.00 | 136.00 | OK | |
r-patched-linux-x86_64 | 1.2.1 | 54.58 | 83.37 | 137.95 | OK | |
r-release-linux-x86_64 | 1.2.1 | 54.43 | 83.70 | 138.13 | OK | |
r-release-macos-arm64 | 1.2.1 | 69.00 | OK | |||
r-release-macos-x86_64 | 1.2.1 | 217.00 | OK | |||
r-release-windows-x86_64 | 1.2.1 | 53.00 | 107.00 | 160.00 | OK | |
r-oldrel-macos-arm64 | 1.2.1 | 106.00 | OK | |||
r-oldrel-macos-x86_64 | 1.2.1 | 93.00 | OK | |||
r-oldrel-windows-x86_64 | 1.2.1 | 59.00 | 105.00 | 164.00 | OK |
Version: 1.2.1
Check: Rd files
Result: NOTE
checkRd: (-1) oscar.Rd:44: Lost braces; missing escapes or markup?
44 | \item{print}{Level of verbosity in Fortran (may not be visible on all terminals); should be an integer between {range, range}, Default: 3}
| ^
checkRd: (-1) oscar.control.Rd:41: Lost braces; missing escapes or markup?
41 | \item{start}{Starting point generation method, see vignettes for details; should be an integer between {range,range}, Default: 2}
| ^
Flavors: r-devel-linux-x86_64-debian-clang, r-devel-linux-x86_64-debian-gcc