CRAN Package Check Results for Package ordr

Last updated on 2024-07-22 05:49:58 CEST.

Flavor Version Tinstall Tcheck Ttotal Status Flags
r-devel-linux-x86_64-debian-clang 0.1.1 15.91 143.26 159.17 NOTE
r-devel-linux-x86_64-debian-gcc 0.1.1 8.98 104.81 113.79 NOTE
r-devel-linux-x86_64-fedora-clang 0.1.1 192.81 NOTE
r-devel-linux-x86_64-fedora-gcc 0.1.1 195.11 NOTE
r-devel-windows-x86_64 0.1.1 16.00 127.00 143.00 NOTE
r-patched-linux-x86_64 0.1.1 21.13 132.27 153.40 NOTE
r-release-linux-x86_64 0.1.1 7.92 133.10 141.02 NOTE
r-release-macos-arm64 0.1.1 59.00 NOTE
r-release-macos-x86_64 0.1.1 96.00 NOTE
r-release-windows-x86_64 0.1.1 13.00 125.00 138.00 NOTE
r-oldrel-macos-arm64 0.1.1 58.00 OK
r-oldrel-macos-x86_64 0.1.1 84.00 OK
r-oldrel-windows-x86_64 0.1.1 15.00 154.00 169.00 OK

Check Details

Version: 0.1.1
Check: Rd files
Result: NOTE checkRd: (-1) lra-ord.Rd:54: Lost braces in \itemize; \value handles \item{}{} directly checkRd: (-1) lra-ord.Rd:55-56: Lost braces in \itemize; \value handles \item{}{} directly checkRd: (-1) lra-ord.Rd:57-58: Lost braces in \itemize; \value handles \item{}{} directly checkRd: (-1) lra-ord.Rd:59: Lost braces in \itemize; \value handles \item{}{} directly checkRd: (-1) lra-ord.Rd:60: Lost braces in \itemize; \value handles \item{}{} directly Flavors: r-devel-linux-x86_64-debian-clang, r-devel-linux-x86_64-debian-gcc, r-devel-linux-x86_64-fedora-clang, r-devel-linux-x86_64-fedora-gcc, r-devel-windows-x86_64, r-patched-linux-x86_64, r-release-linux-x86_64, r-release-macos-arm64, r-release-macos-x86_64, r-release-windows-x86_64

Version: 0.1.1
Check: Rd cross-references
Result: NOTE Found the following Rd file(s) with Rd \link{} targets missing package anchors: ordinate.Rd: tidyr_tidy_select supplementation.Rd: fortify tbl_ord.Rd: fortify Please provide package anchors for all Rd \link{} targets not in the package itself and the base packages. Flavors: r-devel-linux-x86_64-debian-gcc, r-devel-windows-x86_64

Version: 0.1.1
Check: Rd cross-references
Result: NOTE Undeclared package ‘pillar’ in Rd xrefs Flavor: r-devel-linux-x86_64-fedora-clang

Version: 0.1.1
Check: data for non-ASCII characters
Result: NOTE Note: found 4 marked UTF-8 strings Flavors: r-devel-linux-x86_64-fedora-clang, r-devel-linux-x86_64-fedora-gcc