Last updated on 2023-10-01 05:53:18 CEST.
Flavor | Version | Tinstall | Tcheck | Ttotal | Status | Flags |
---|---|---|---|---|---|---|
r-devel-linux-x86_64-debian-clang | 0.1.1 | 53.04 | 493.70 | 546.74 | OK | |
r-devel-linux-x86_64-debian-gcc | 0.1.1 | 43.60 | 361.63 | 405.23 | OK | |
r-devel-linux-x86_64-fedora-clang | 0.1.1 | 667.70 | NOTE | |||
r-devel-linux-x86_64-fedora-gcc | 0.1.1 | 671.86 | NOTE | |||
r-devel-windows-x86_64 | 0.1.1 | 44.00 | 505.00 | 549.00 | OK | |
r-patched-linux-x86_64 | 0.1.1 | 36.85 | 461.89 | 498.74 | OK | |
r-release-linux-x86_64 | 0.1.1 | 37.25 | 465.71 | 502.96 | OK | |
r-release-macos-arm64 | 0.1.1 | 243.00 | OK | |||
r-release-macos-x86_64 | 0.1.1 | 349.00 | OK | |||
r-release-windows-x86_64 | 0.1.1 | 59.00 | 640.00 | 699.00 | OK | |
r-oldrel-macos-arm64 | 0.1.1 | 255.00 | NOTE | |||
r-oldrel-macos-x86_64 | 0.1.1 | 307.00 | NOTE | |||
r-oldrel-windows-x86_64 | 0.1.1 | 69.00 | 686.00 | 755.00 | OK |
Version: 0.1.1
Check: dependencies in R code
Result: NOTE
Namespace in Imports field not imported from: ‘devtools’
All declared Imports should be used.
Flavors: r-devel-linux-x86_64-fedora-clang, r-devel-linux-x86_64-fedora-gcc, r-oldrel-macos-arm64, r-oldrel-macos-x86_64