Last updated on 2023-12-02 04:52:22 CET.
Flavor | Version | Tinstall | Tcheck | Ttotal | Status | Flags |
---|---|---|---|---|---|---|
r-devel-linux-x86_64-debian-clang | 0.7.2 | 65.33 | 350.59 | 415.92 | OK | |
r-devel-linux-x86_64-debian-gcc | 0.7.2 | 50.04 | 255.64 | 305.68 | OK | |
r-devel-linux-x86_64-fedora-clang | 0.7.2 | 506.93 | NOTE | |||
r-devel-linux-x86_64-fedora-gcc | 0.7.2 | 504.36 | NOTE | |||
r-devel-windows-x86_64 | 0.7.2 | 49.00 | 233.00 | 282.00 | NOTE | |
r-patched-linux-x86_64 | 0.7.2 | 45.69 | 338.72 | 384.41 | OK | |
r-release-linux-x86_64 | 0.7.2 | 47.04 | 330.78 | 377.82 | OK | |
r-release-macos-arm64 | 0.7.2 | 125.00 | NOTE | |||
r-release-macos-x86_64 | 0.7.2 | 265.00 | NOTE | |||
r-release-windows-x86_64 | 0.7.2 | 62.00 | 299.00 | 361.00 | NOTE | |
r-oldrel-macos-arm64 | 0.7.2 | 127.00 | NOTE | |||
r-oldrel-macos-x86_64 | 0.7.2 | 169.00 | NOTE | |||
r-oldrel-windows-x86_64 | 0.7.2 | 62.00 | 317.00 | 379.00 | NOTE |
Version: 0.7.2
Check: installed package size
Result: NOTE
installed size is 5.3Mb
sub-directories of 1Mb or more:
data 4.7Mb
Flavors: r-devel-linux-x86_64-fedora-clang, r-devel-windows-x86_64, r-release-macos-arm64, r-release-macos-x86_64, r-release-windows-x86_64, r-oldrel-macos-arm64, r-oldrel-macos-x86_64, r-oldrel-windows-x86_64
Version: 0.7.2
Check: data for non-ASCII characters
Result: NOTE
Note: found 36 marked UTF-8 strings
Flavors: r-devel-linux-x86_64-fedora-clang, r-devel-linux-x86_64-fedora-gcc