CRAN Package Check Results for Package optrcdmaeAT

Last updated on 2023-11-29 04:57:30 CET.

Flavor Version Tinstall Tcheck Ttotal Status Flags
r-devel-linux-x86_64-debian-clang 1.0.0 11.78 86.80 98.58 NOTE
r-devel-linux-x86_64-debian-gcc 1.0.0 9.93 65.21 75.14 NOTE
r-devel-linux-x86_64-fedora-clang 1.0.0 121.89 NOTE
r-devel-linux-x86_64-fedora-gcc 1.0.0 120.47 NOTE
r-devel-windows-x86_64 1.0.0 10.00 80.00 90.00 OK
r-patched-linux-x86_64 1.0.0 14.54 84.06 98.60 NOTE
r-release-linux-x86_64 1.0.0 12.07 83.41 95.48 NOTE
r-release-macos-arm64 1.0.0 44.00 OK
r-release-macos-x86_64 1.0.0 67.00 OK
r-release-windows-x86_64 1.0.0 12.00 92.00 104.00 OK
r-oldrel-macos-arm64 1.0.0 40.00 OK
r-oldrel-macos-x86_64 1.0.0 64.00 OK
r-oldrel-windows-x86_64 1.0.0 14.00 95.00 109.00 OK

Check Details

Version: 1.0.0
Check: for non-standard things in the check directory
Result: NOTE Found the following files/directories: ‘Graph_layout_Doptrcd_trtE’ Flavors: r-devel-linux-x86_64-debian-clang, r-devel-linux-x86_64-debian-gcc, r-devel-linux-x86_64-fedora-clang, r-devel-linux-x86_64-fedora-gcc, r-patched-linux-x86_64, r-release-linux-x86_64