CRAN Package Check Results for Package optbdmaeAT

Last updated on 2023-11-29 04:57:29 CET.

Flavor Version Tinstall Tcheck Ttotal Status Flags
r-devel-linux-x86_64-debian-clang 1.0.1 10.65 86.82 97.47 NOTE
r-devel-linux-x86_64-debian-gcc 1.0.1 8.49 65.03 73.52 NOTE
r-devel-linux-x86_64-fedora-clang 1.0.1 121.97 NOTE
r-devel-linux-x86_64-fedora-gcc 1.0.1 117.80 NOTE
r-devel-windows-x86_64 1.0.1 9.00 85.00 94.00 OK
r-patched-linux-x86_64 1.0.1 14.70 83.26 97.96 NOTE
r-release-linux-x86_64 1.0.1 10.13 83.41 93.54 NOTE
r-release-macos-arm64 1.0.1 42.00 OK
r-release-macos-x86_64 1.0.1 66.00 OK
r-release-windows-x86_64 1.0.1 12.00 95.00 107.00 OK
r-oldrel-macos-arm64 1.0.1 40.00 OK
r-oldrel-macos-x86_64 1.0.1 63.00 OK
r-oldrel-windows-x86_64 1.0.1 12.00 102.00 114.00 OK

Check Details

Version: 1.0.1
Check: for non-standard things in the check directory
Result: NOTE Found the following files/directories: ‘Graph_layout_Doptbd_trtE’ Flavors: r-devel-linux-x86_64-debian-clang, r-devel-linux-x86_64-debian-gcc, r-devel-linux-x86_64-fedora-clang, r-devel-linux-x86_64-fedora-gcc, r-patched-linux-x86_64, r-release-linux-x86_64