Last updated on 2023-12-07 04:56:31 CET.
Flavor | Version | Tinstall | Tcheck | Ttotal | Status | Flags |
---|---|---|---|---|---|---|
r-devel-linux-x86_64-debian-clang | 1.8.0 | 14.05 | 139.12 | 153.17 | NOTE | |
r-devel-linux-x86_64-debian-gcc | 1.8.0 | 11.16 | 105.07 | 116.23 | NOTE | |
r-devel-linux-x86_64-fedora-clang | 1.8.0 | 183.44 | NOTE | |||
r-devel-linux-x86_64-fedora-gcc | 1.8.0 | 194.42 | NOTE | |||
r-devel-windows-x86_64 | 1.8.0 | 12.00 | 119.00 | 131.00 | NOTE | |
r-patched-linux-x86_64 | 1.8.0 | 8.69 | 130.33 | 139.02 | NOTE | |
r-release-linux-x86_64 | 1.8.0 | 8.49 | 128.63 | 137.12 | NOTE | |
r-release-macos-arm64 | 1.8.0 | 58.00 | NOTE | |||
r-release-macos-x86_64 | 1.8.0 | 101.00 | NOTE | |||
r-release-windows-x86_64 | 1.8.0 | 15.00 | 145.00 | 160.00 | NOTE | |
r-oldrel-macos-arm64 | 1.8.0 | 47.00 | OK | |||
r-oldrel-macos-x86_64 | 1.8.0 | 92.00 | OK | |||
r-oldrel-windows-x86_64 | 1.8.0 | 15.00 | 147.00 | 162.00 | OK |
Version: 1.8.0
Check: package subdirectories
Result: NOTE
Problems with news in ‘NEWS.md’:
No news entries found.
Flavors: r-devel-linux-x86_64-debian-clang, r-devel-linux-x86_64-debian-gcc, r-devel-linux-x86_64-fedora-clang, r-devel-linux-x86_64-fedora-gcc, r-devel-windows-x86_64, r-patched-linux-x86_64, r-release-linux-x86_64, r-release-macos-arm64, r-release-macos-x86_64, r-release-windows-x86_64
Version: 1.8.0
Check: Rd files
Result: NOTE
checkRd: (-1) word_imp.Rd:14: Lost braces
14 | number of individual records. An \code{n} x code{2} dataframe can
| ^
Flavors: r-devel-linux-x86_64-debian-clang, r-devel-linux-x86_64-debian-gcc