Last updated on 2023-10-02 05:58:05 CEST.
Flavor | Version | Tinstall | Tcheck | Ttotal | Status | Flags |
---|---|---|---|---|---|---|
r-devel-linux-x86_64-debian-clang | 4.2.5.2 | 142.66 | 139.50 | 282.16 | OK | |
r-devel-linux-x86_64-debian-gcc | 4.2.5.2 | 106.35 | 107.17 | 213.52 | OK | |
r-devel-linux-x86_64-fedora-clang | 4.2.5.2 | 389.86 | OK | |||
r-devel-linux-x86_64-fedora-gcc | 4.2.5.2 | 383.92 | OK | |||
r-devel-windows-x86_64 | 4.2.5.2 | 108.00 | 165.00 | 273.00 | OK | |
r-patched-linux-x86_64 | 4.2.5.2 | 126.78 | 134.17 | 260.95 | OK | |
r-release-linux-x86_64 | 4.2.5.2 | 134.26 | 135.06 | 269.32 | OK | |
r-release-macos-arm64 | 4.2.5.2 | 109.00 | NOTE | |||
r-release-macos-x86_64 | 4.2.5.2 | 185.00 | NOTE | |||
r-release-windows-x86_64 | 4.2.5.2 | 103.00 | 191.00 | 294.00 | OK | |
r-oldrel-macos-arm64 | 4.2.5.2 | 96.00 | NOTE | |||
r-oldrel-macos-x86_64 | 4.2.5.2 | 146.00 | NOTE | |||
r-oldrel-windows-x86_64 | 4.2.5.2 | 135.00 | 175.00 | 310.00 | OK |
Version: 4.2.5.2
Check: installed package size
Result: NOTE
installed size is 7.1Mb
sub-directories of 1Mb or more:
extdata 1.1Mb
libs 4.9Mb
Flavors: r-release-macos-arm64, r-release-macos-x86_64, r-oldrel-macos-arm64, r-oldrel-macos-x86_64